{"id":26937,"date":"2025-04-01T09:13:50","date_gmt":"2025-04-01T09:13:50","guid":{"rendered":"https:\/\/les-bassans.com\/?post_type=arts_portfolio_item&#038;p=26937"},"modified":"2026-01-15T10:45:40","modified_gmt":"2026-01-15T10:45:40","slug":"esecutivo-vista-mare","status":"publish","type":"arts_portfolio_item","link":"https:\/\/les-bassans.com\/it\/portafoglio\/esecutivo-vista-mare\/","title":{"rendered":"Esecutivo"},"featured_media":0,"template":"","class_list":["post-26937","arts_portfolio_item","type-arts_portfolio_item","status-publish","hentry"],"acf":[],"yoast_head":"<!-- This site is optimized with the Yoast SEO plugin v27.5 - https:\/\/yoast.com\/product\/yoast-seo-wordpress\/ -->\n<title>Executive &#8226; Les Bassans<\/title>\n<meta name=\"robots\" content=\"index, follow, max-snippet:-1, max-image-preview:large, max-video-preview:-1\" \/>\n<link rel=\"canonical\" href=\"https:\/\/les-bassans.com\/it\/portafoglio\/esecutivo-vista-mare\/\" \/>\n<meta property=\"og:locale\" content=\"it_IT\" \/>\n<meta property=\"og:type\" content=\"article\" \/>\n<meta property=\"og:title\" content=\"Executive &#8226; Les Bassans\" \/>\n<meta property=\"og:description\" content=\"Ex\u00e9cutive Entre 26m2 et 31m2 Vue mer 2 adultes &amp; 1 b\u00e9b\u00e9 Nos deux Chambres Ex\u00e9cutives, spacieuses et chaleureuses, sont parfaites pour une escapade iod\u00e9e sur la C\u00f4te de Granit Rose. Chacune poss\u00e8de son propre caract\u00e8re, avec de beaux volumes et une vue imprenable \u2014 frontale ou lat\u00e9rale \u2014 sur la mer. Ouvertes sur l\u2019ext\u00e9rieur, [&hellip;]\" \/>\n<meta property=\"og:url\" content=\"https:\/\/les-bassans.com\/it\/portafoglio\/esecutivo-vista-mare\/\" \/>\n<meta property=\"og:site_name\" content=\"Les Bassans\" \/>\n<meta property=\"article:modified_time\" content=\"2026-01-15T10:45:40+00:00\" \/>\n<meta property=\"og:image\" content=\"https:\/\/les-bassans.com\/wp-content\/uploads\/2025\/11\/grande-chambre-vue-mer-avec-terrasse-bretagne-hotel-les-bassans-fontenille-perros-guirec-min-1024x1024.webp\" \/>\n<meta name=\"twitter:card\" content=\"summary_large_image\" \/>\n<meta name=\"twitter:label1\" content=\"Tempo di lettura stimato\" \/>\n\t<meta name=\"twitter:data1\" content=\"7 minuti\" \/>\n<script type=\"application\/ld+json\" class=\"yoast-schema-graph\">{\"@context\":\"https:\\\/\\\/schema.org\",\"@graph\":[{\"@type\":\"WebPage\",\"@id\":\"https:\\\/\\\/les-bassans.com\\\/portfolio\\\/executive-vue-mer\\\/\",\"url\":\"https:\\\/\\\/les-bassans.com\\\/portfolio\\\/executive-vue-mer\\\/\",\"name\":\"Executive &#8226; Les Bassans\",\"isPartOf\":{\"@id\":\"https:\\\/\\\/les-bassans.com\\\/#website\"},\"primaryImageOfPage\":{\"@id\":\"https:\\\/\\\/les-bassans.com\\\/portfolio\\\/executive-vue-mer\\\/#primaryimage\"},\"image\":{\"@id\":\"https:\\\/\\\/les-bassans.com\\\/portfolio\\\/executive-vue-mer\\\/#primaryimage\"},\"thumbnailUrl\":\"https:\\\/\\\/les-bassans.com\\\/wp-content\\\/uploads\\\/2025\\\/11\\\/grande-chambre-vue-mer-avec-terrasse-bretagne-hotel-les-bassans-fontenille-perros-guirec-min-1024x1024.webp\",\"datePublished\":\"2025-04-01T09:13:50+00:00\",\"dateModified\":\"2026-01-15T10:45:40+00:00\",\"breadcrumb\":{\"@id\":\"https:\\\/\\\/les-bassans.com\\\/portfolio\\\/executive-vue-mer\\\/#breadcrumb\"},\"inLanguage\":\"it-IT\",\"potentialAction\":[{\"@type\":\"ReadAction\",\"target\":[\"https:\\\/\\\/les-bassans.com\\\/portfolio\\\/executive-vue-mer\\\/\"]}]},{\"@type\":\"ImageObject\",\"inLanguage\":\"it-IT\",\"@id\":\"https:\\\/\\\/les-bassans.com\\\/portfolio\\\/executive-vue-mer\\\/#primaryimage\",\"url\":\"https:\\\/\\\/les-bassans.com\\\/wp-content\\\/uploads\\\/2025\\\/11\\\/grande-chambre-vue-mer-avec-terrasse-bretagne-hotel-les-bassans-fontenille-perros-guirec-min-1024x1024.webp\",\"contentUrl\":\"https:\\\/\\\/les-bassans.com\\\/wp-content\\\/uploads\\\/2025\\\/11\\\/grande-chambre-vue-mer-avec-terrasse-bretagne-hotel-les-bassans-fontenille-perros-guirec-min-1024x1024.webp\"},{\"@type\":\"BreadcrumbList\",\"@id\":\"https:\\\/\\\/les-bassans.com\\\/portfolio\\\/executive-vue-mer\\\/#breadcrumb\",\"itemListElement\":[{\"@type\":\"ListItem\",\"position\":1,\"name\":\"Accueil\",\"item\":\"https:\\\/\\\/les-bassans.com\\\/\"},{\"@type\":\"ListItem\",\"position\":2,\"name\":\"Executive\"}]},{\"@type\":\"WebSite\",\"@id\":\"https:\\\/\\\/les-bassans.com\\\/#website\",\"url\":\"https:\\\/\\\/les-bassans.com\\\/\",\"name\":\"Les Bassans\",\"description\":\"H\u00f4tel Spa \u00e0 Perros-Guirec et Restaurant vue mer\",\"publisher\":{\"@id\":\"https:\\\/\\\/les-bassans.com\\\/#organization\"},\"potentialAction\":[{\"@type\":\"SearchAction\",\"target\":{\"@type\":\"EntryPoint\",\"urlTemplate\":\"https:\\\/\\\/les-bassans.com\\\/?s={search_term_string}\"},\"query-input\":{\"@type\":\"PropertyValueSpecification\",\"valueRequired\":true,\"valueName\":\"search_term_string\"}}],\"inLanguage\":\"it-IT\"},{\"@type\":\"Organization\",\"@id\":\"https:\\\/\\\/les-bassans.com\\\/#organization\",\"name\":\"Les Bassans\",\"alternateName\":\"Bassans\",\"url\":\"https:\\\/\\\/les-bassans.com\\\/\",\"logo\":{\"@type\":\"ImageObject\",\"inLanguage\":\"it-IT\",\"@id\":\"https:\\\/\\\/les-bassans.com\\\/#\\\/schema\\\/logo\\\/image\\\/\",\"url\":\"https:\\\/\\\/les-bassans.com\\\/wp-content\\\/uploads\\\/2023\\\/05\\\/LesBassans-Logo-Simple.png\",\"contentUrl\":\"https:\\\/\\\/les-bassans.com\\\/wp-content\\\/uploads\\\/2023\\\/05\\\/LesBassans-Logo-Simple.png\",\"width\":850,\"height\":253,\"caption\":\"Les Bassans\"},\"image\":{\"@id\":\"https:\\\/\\\/les-bassans.com\\\/#\\\/schema\\\/logo\\\/image\\\/\"}}]}<\/script>\n<!-- \/ Yoast SEO plugin. -->","yoast_head_json":{"title":"Dirigenziale \u2022 Les Bassans","robots":{"index":"index","follow":"follow","max-snippet":"max-snippet:-1","max-image-preview":"max-image-preview:large","max-video-preview":"max-video-preview:-1"},"canonical":"https:\/\/les-bassans.com\/it\/portafoglio\/esecutivo-vista-mare\/","og_locale":"it_IT","og_type":"article","og_title":"Executive &#8226; Les Bassans","og_description":"Ex\u00e9cutive Entre 26m2 et 31m2 Vue mer 2 adultes &amp; 1 b\u00e9b\u00e9 Nos deux Chambres Ex\u00e9cutives, spacieuses et chaleureuses, sont parfaites pour une escapade iod\u00e9e sur la C\u00f4te de Granit Rose. Chacune poss\u00e8de son propre caract\u00e8re, avec de beaux volumes et une vue imprenable \u2014 frontale ou lat\u00e9rale \u2014 sur la mer. Ouvertes sur l\u2019ext\u00e9rieur, [&hellip;]","og_url":"https:\/\/les-bassans.com\/it\/portafoglio\/esecutivo-vista-mare\/","og_site_name":"Les Bassans","article_modified_time":"2026-01-15T10:45:40+00:00","og_image":[{"url":"https:\/\/les-bassans.com\/wp-content\/uploads\/2025\/11\/grande-chambre-vue-mer-avec-terrasse-bretagne-hotel-les-bassans-fontenille-perros-guirec-min-1024x1024.webp","type":"","width":"","height":""}],"twitter_card":"summary_large_image","twitter_misc":{"Tempo di lettura stimato":"7 minuti"},"schema":{"@context":"https:\/\/schema.org","@graph":[{"@type":"WebPage","@id":"https:\/\/les-bassans.com\/portfolio\/executive-vue-mer\/","url":"https:\/\/les-bassans.com\/portfolio\/executive-vue-mer\/","name":"Dirigenziale \u2022 Les Bassans","isPartOf":{"@id":"https:\/\/les-bassans.com\/#website"},"primaryImageOfPage":{"@id":"https:\/\/les-bassans.com\/portfolio\/executive-vue-mer\/#primaryimage"},"image":{"@id":"https:\/\/les-bassans.com\/portfolio\/executive-vue-mer\/#primaryimage"},"thumbnailUrl":"https:\/\/les-bassans.com\/wp-content\/uploads\/2025\/11\/grande-chambre-vue-mer-avec-terrasse-bretagne-hotel-les-bassans-fontenille-perros-guirec-min-1024x1024.webp","datePublished":"2025-04-01T09:13:50+00:00","dateModified":"2026-01-15T10:45:40+00:00","breadcrumb":{"@id":"https:\/\/les-bassans.com\/portfolio\/executive-vue-mer\/#breadcrumb"},"inLanguage":"it-IT","potentialAction":[{"@type":"ReadAction","target":["https:\/\/les-bassans.com\/portfolio\/executive-vue-mer\/"]}]},{"@type":"ImageObject","inLanguage":"it-IT","@id":"https:\/\/les-bassans.com\/portfolio\/executive-vue-mer\/#primaryimage","url":"https:\/\/les-bassans.com\/wp-content\/uploads\/2025\/11\/grande-chambre-vue-mer-avec-terrasse-bretagne-hotel-les-bassans-fontenille-perros-guirec-min-1024x1024.webp","contentUrl":"https:\/\/les-bassans.com\/wp-content\/uploads\/2025\/11\/grande-chambre-vue-mer-avec-terrasse-bretagne-hotel-les-bassans-fontenille-perros-guirec-min-1024x1024.webp"},{"@type":"BreadcrumbList","@id":"https:\/\/les-bassans.com\/portfolio\/executive-vue-mer\/#breadcrumb","itemListElement":[{"@type":"ListItem","position":1,"name":"Accueil","item":"https:\/\/les-bassans.com\/"},{"@type":"ListItem","position":2,"name":"Executive"}]},{"@type":"WebSite","@id":"https:\/\/les-bassans.com\/#website","url":"https:\/\/les-bassans.com\/","name":"Les Bassans","description":"Hotel Spa a Perros-Guirec e ristorante con vista sul mare","publisher":{"@id":"https:\/\/les-bassans.com\/#organization"},"potentialAction":[{"@type":"SearchAction","target":{"@type":"EntryPoint","urlTemplate":"https:\/\/les-bassans.com\/?s={search_term_string}"},"query-input":{"@type":"PropertyValueSpecification","valueRequired":true,"valueName":"search_term_string"}}],"inLanguage":"it-IT"},{"@type":"Organization","@id":"https:\/\/les-bassans.com\/#organization","name":"Les Bassans","alternateName":"Bassans","url":"https:\/\/les-bassans.com\/","logo":{"@type":"ImageObject","inLanguage":"it-IT","@id":"https:\/\/les-bassans.com\/#\/schema\/logo\/image\/","url":"https:\/\/les-bassans.com\/wp-content\/uploads\/2023\/05\/LesBassans-Logo-Simple.png","contentUrl":"https:\/\/les-bassans.com\/wp-content\/uploads\/2023\/05\/LesBassans-Logo-Simple.png","width":850,"height":253,"caption":"Les Bassans"},"image":{"@id":"https:\/\/les-bassans.com\/#\/schema\/logo\/image\/"}}]}},"_links":{"self":[{"href":"https:\/\/les-bassans.com\/it\/wp-json\/wp\/v2\/arts_portfolio_item\/26937","targetHints":{"allow":["GET"]}}],"collection":[{"href":"https:\/\/les-bassans.com\/it\/wp-json\/wp\/v2\/arts_portfolio_item"}],"about":[{"href":"https:\/\/les-bassans.com\/it\/wp-json\/wp\/v2\/types\/arts_portfolio_item"}],"version-history":[{"count":71,"href":"https:\/\/les-bassans.com\/it\/wp-json\/wp\/v2\/arts_portfolio_item\/26937\/revisions"}],"predecessor-version":[{"id":29774,"href":"https:\/\/les-bassans.com\/it\/wp-json\/wp\/v2\/arts_portfolio_item\/26937\/revisions\/29774"}],"wp:attachment":[{"href":"https:\/\/les-bassans.com\/it\/wp-json\/wp\/v2\/media?parent=26937"}],"curies":[{"name":"wp","href":"https:\/\/api.w.org\/{rel}","templated":true}]}}

<!-- This site is optimized with the Yoast SEO plugin v27.5 - https://yoast.com/product/yoast-seo-wordpress/ -->
<title>Executive &#8226; Les Bassans</title>
<meta name="robots" content="index, follow, max-snippet:-1, max-image-preview:large, max-video-preview:-1" />
<link rel="canonical" href="https://les-bassans.com/it/portafoglio/esecutivo-vista-mare/" />
<meta property="og:locale" content="it_IT" />
<meta property="og:type" content="article" />
<meta property="og:title" content="Executive &#8226; Les Bassans" />
<meta property="og:description" content="Exécutive Entre 26m2 et 31m2 Vue mer 2 adultes &amp; 1 bébé Nos deux Chambres Exécutives, spacieuses et chaleureuses, sont parfaites pour une escapade iodée sur la Côte de Granit Rose. Chacune possède son propre caractère, avec de beaux volumes et une vue imprenable — frontale ou latérale — sur la mer. Ouvertes sur l’extérieur, [&hellip;]" />
<meta property="og:url" content="https://les-bassans.com/it/portafoglio/esecutivo-vista-mare/" />
<meta property="og:site_name" content="Les Bassans" />
<meta property="article:modified_time" content="2026-01-15T10:45:40+00:00" />
<meta property="og:image" content="https://les-bassans.com/wp-content/uploads/2025/11/grande-chambre-vue-mer-avec-terrasse-bretagne-hotel-les-bassans-fontenille-perros-guirec-min-1024x1024.webp" />
<meta name="twitter:card" content="summary_large_image" />
<meta name="twitter:label1" content="Tempo di lettura stimato" />
	<meta name="twitter:data1" content="7 minuti" />
<script type="application/ld+json" class="yoast-schema-graph">{"@context":"https:\/\/schema.org","@graph":[{"@type":"WebPage","@id":"https:\/\/les-bassans.com\/portfolio\/executive-vue-mer\/","url":"https:\/\/les-bassans.com\/portfolio\/executive-vue-mer\/","name":"Executive &#8226; Les Bassans","isPartOf":{"@id":"https:\/\/les-bassans.com\/#website"},"primaryImageOfPage":{"@id":"https:\/\/les-bassans.com\/portfolio\/executive-vue-mer\/#primaryimage"},"image":{"@id":"https:\/\/les-bassans.com\/portfolio\/executive-vue-mer\/#primaryimage"},"thumbnailUrl":"https:\/\/les-bassans.com\/wp-content\/uploads\/2025\/11\/grande-chambre-vue-mer-avec-terrasse-bretagne-hotel-les-bassans-fontenille-perros-guirec-min-1024x1024.webp","datePublished":"2025-04-01T09:13:50+00:00","dateModified":"2026-01-15T10:45:40+00:00","breadcrumb":{"@id":"https:\/\/les-bassans.com\/portfolio\/executive-vue-mer\/#breadcrumb"},"inLanguage":"it-IT","potentialAction":[{"@type":"ReadAction","target":["https:\/\/les-bassans.com\/portfolio\/executive-vue-mer\/"]}]},{"@type":"ImageObject","inLanguage":"it-IT","@id":"https:\/\/les-bassans.com\/portfolio\/executive-vue-mer\/#primaryimage","url":"https:\/\/les-bassans.com\/wp-content\/uploads\/2025\/11\/grande-chambre-vue-mer-avec-terrasse-bretagne-hotel-les-bassans-fontenille-perros-guirec-min-1024x1024.webp","contentUrl":"https:\/\/les-bassans.com\/wp-content\/uploads\/2025\/11\/grande-chambre-vue-mer-avec-terrasse-bretagne-hotel-les-bassans-fontenille-perros-guirec-min-1024x1024.webp"},{"@type":"BreadcrumbList","@id":"https:\/\/les-bassans.com\/portfolio\/executive-vue-mer\/#breadcrumb","itemListElement":[{"@type":"ListItem","position":1,"name":"Accueil","item":"https:\/\/les-bassans.com\/"},{"@type":"ListItem","position":2,"name":"Executive"}]},{"@type":"WebSite","@id":"https:\/\/les-bassans.com\/#website","url":"https:\/\/les-bassans.com\/","name":"Les Bassans","description":"Hôtel Spa à Perros-Guirec et Restaurant vue mer","publisher":{"@id":"https:\/\/les-bassans.com\/#organization"},"potentialAction":[{"@type":"SearchAction","target":{"@type":"EntryPoint","urlTemplate":"https:\/\/les-bassans.com\/?s={search_term_string}"},"query-input":{"@type":"PropertyValueSpecification","valueRequired":true,"valueName":"search_term_string"}}],"inLanguage":"it-IT"},{"@type":"Organization","@id":"https:\/\/les-bassans.com\/#organization","name":"Les Bassans","alternateName":"Bassans","url":"https:\/\/les-bassans.com\/","logo":{"@type":"ImageObject","inLanguage":"it-IT","@id":"https:\/\/les-bassans.com\/#\/schema\/logo\/image\/","url":"https:\/\/les-bassans.com\/wp-content\/uploads\/2023\/05\/LesBassans-Logo-Simple.png","contentUrl":"https:\/\/les-bassans.com\/wp-content\/uploads\/2023\/05\/LesBassans-Logo-Simple.png","width":850,"height":253,"caption":"Les Bassans"},"image":{"@id":"https:\/\/les-bassans.com\/#\/schema\/logo\/image\/"}}]}</script>
<!-- / Yoast SEO plugin. -->

Exécutive Entre 26m2 et 31m2 Vue mer 2 adultes &amp; 1 bébé Nos deux Chambres Exécutives, spacieuses et chaleureuses, sont parfaites pour une escapade iodée sur la Côte de Granit Rose. Chacune possède son propre caractère, avec de beaux volumes et une vue imprenable — frontale ou latérale — sur la mer. Ouvertes sur l’extérieur, [&hellip;]
