{"id":26933,"date":"2025-04-01T09:04:45","date_gmt":"2025-04-01T09:04:45","guid":{"rendered":"https:\/\/les-bassans.com\/?post_type=arts_portfolio_item&#038;p=26933"},"modified":"2026-01-15T10:38:56","modified_gmt":"2026-01-15T10:38:56","slug":"camera-classica","status":"publish","type":"arts_portfolio_item","link":"https:\/\/les-bassans.com\/it\/portafoglio\/camera-classica\/","title":{"rendered":"Classico"},"featured_media":0,"template":"","class_list":["post-26933","arts_portfolio_item","type-arts_portfolio_item","status-publish","hentry"],"acf":[],"yoast_head":"<!-- This site is optimized with the Yoast SEO plugin v27.5 - https:\/\/yoast.com\/product\/yoast-seo-wordpress\/ -->\n<title>Classique &#8226; Les Bassans<\/title>\n<meta name=\"robots\" content=\"index, follow, max-snippet:-1, max-image-preview:large, max-video-preview:-1\" \/>\n<link rel=\"canonical\" href=\"https:\/\/les-bassans.com\/it\/portafoglio\/camera-classica\/\" \/>\n<meta property=\"og:locale\" content=\"it_IT\" \/>\n<meta property=\"og:type\" content=\"article\" \/>\n<meta property=\"og:title\" content=\"Classique &#8226; Les Bassans\" \/>\n<meta property=\"og:description\" content=\"Chambre Classique 16m2 Vue lat\u00e9rale mer 2 adultes Intimes et \u00e9l\u00e9gantes, les Chambres Classiques des Bassans sont id\u00e9ales pour un s\u00e9jour de charme sur la C\u00f4te de Granit Rose. Dans leur atmosph\u00e8re feutr\u00e9e, telles les cabines d\u2019un paquebot des ann\u00e9es 30, vous vous sentirez berc\u00e9s par le bruit des vagues. Dot\u00e9es d\u2019une vue lat\u00e9rale sur [&hellip;]\" \/>\n<meta property=\"og:url\" content=\"https:\/\/les-bassans.com\/it\/portafoglio\/camera-classica\/\" \/>\n<meta property=\"og:site_name\" content=\"Les Bassans\" \/>\n<meta property=\"article:modified_time\" content=\"2026-01-15T10:38:56+00:00\" \/>\n<meta property=\"og:image\" content=\"https:\/\/les-bassans.com\/wp-content\/uploads\/2025\/11\/chambre-avec-vue-mer-longue-vue-hotel-les-bassans-fontenille-perros-guirec-min-1024x1024.webp\" \/>\n<meta name=\"twitter:card\" content=\"summary_large_image\" \/>\n<meta name=\"twitter:label1\" content=\"Tempo di lettura stimato\" \/>\n\t<meta name=\"twitter:data1\" content=\"7 minuti\" \/>\n<script type=\"application\/ld+json\" class=\"yoast-schema-graph\">{\"@context\":\"https:\\\/\\\/schema.org\",\"@graph\":[{\"@type\":\"WebPage\",\"@id\":\"https:\\\/\\\/les-bassans.com\\\/portfolio\\\/chambre-classique\\\/\",\"url\":\"https:\\\/\\\/les-bassans.com\\\/portfolio\\\/chambre-classique\\\/\",\"name\":\"Classique &#8226; Les Bassans\",\"isPartOf\":{\"@id\":\"https:\\\/\\\/les-bassans.com\\\/#website\"},\"primaryImageOfPage\":{\"@id\":\"https:\\\/\\\/les-bassans.com\\\/portfolio\\\/chambre-classique\\\/#primaryimage\"},\"image\":{\"@id\":\"https:\\\/\\\/les-bassans.com\\\/portfolio\\\/chambre-classique\\\/#primaryimage\"},\"thumbnailUrl\":\"https:\\\/\\\/les-bassans.com\\\/wp-content\\\/uploads\\\/2025\\\/11\\\/chambre-avec-vue-mer-longue-vue-hotel-les-bassans-fontenille-perros-guirec-min-1024x1024.webp\",\"datePublished\":\"2025-04-01T09:04:45+00:00\",\"dateModified\":\"2026-01-15T10:38:56+00:00\",\"breadcrumb\":{\"@id\":\"https:\\\/\\\/les-bassans.com\\\/portfolio\\\/chambre-classique\\\/#breadcrumb\"},\"inLanguage\":\"it-IT\",\"potentialAction\":[{\"@type\":\"ReadAction\",\"target\":[\"https:\\\/\\\/les-bassans.com\\\/portfolio\\\/chambre-classique\\\/\"]}]},{\"@type\":\"ImageObject\",\"inLanguage\":\"it-IT\",\"@id\":\"https:\\\/\\\/les-bassans.com\\\/portfolio\\\/chambre-classique\\\/#primaryimage\",\"url\":\"https:\\\/\\\/les-bassans.com\\\/wp-content\\\/uploads\\\/2025\\\/11\\\/chambre-avec-vue-mer-longue-vue-hotel-les-bassans-fontenille-perros-guirec-min-1024x1024.webp\",\"contentUrl\":\"https:\\\/\\\/les-bassans.com\\\/wp-content\\\/uploads\\\/2025\\\/11\\\/chambre-avec-vue-mer-longue-vue-hotel-les-bassans-fontenille-perros-guirec-min-1024x1024.webp\"},{\"@type\":\"BreadcrumbList\",\"@id\":\"https:\\\/\\\/les-bassans.com\\\/portfolio\\\/chambre-classique\\\/#breadcrumb\",\"itemListElement\":[{\"@type\":\"ListItem\",\"position\":1,\"name\":\"Accueil\",\"item\":\"https:\\\/\\\/les-bassans.com\\\/\"},{\"@type\":\"ListItem\",\"position\":2,\"name\":\"Classique\"}]},{\"@type\":\"WebSite\",\"@id\":\"https:\\\/\\\/les-bassans.com\\\/#website\",\"url\":\"https:\\\/\\\/les-bassans.com\\\/\",\"name\":\"Les Bassans\",\"description\":\"H\u00f4tel Spa \u00e0 Perros-Guirec et Restaurant vue mer\",\"publisher\":{\"@id\":\"https:\\\/\\\/les-bassans.com\\\/#organization\"},\"potentialAction\":[{\"@type\":\"SearchAction\",\"target\":{\"@type\":\"EntryPoint\",\"urlTemplate\":\"https:\\\/\\\/les-bassans.com\\\/?s={search_term_string}\"},\"query-input\":{\"@type\":\"PropertyValueSpecification\",\"valueRequired\":true,\"valueName\":\"search_term_string\"}}],\"inLanguage\":\"it-IT\"},{\"@type\":\"Organization\",\"@id\":\"https:\\\/\\\/les-bassans.com\\\/#organization\",\"name\":\"Les Bassans\",\"alternateName\":\"Bassans\",\"url\":\"https:\\\/\\\/les-bassans.com\\\/\",\"logo\":{\"@type\":\"ImageObject\",\"inLanguage\":\"it-IT\",\"@id\":\"https:\\\/\\\/les-bassans.com\\\/#\\\/schema\\\/logo\\\/image\\\/\",\"url\":\"https:\\\/\\\/les-bassans.com\\\/wp-content\\\/uploads\\\/2023\\\/05\\\/LesBassans-Logo-Simple.png\",\"contentUrl\":\"https:\\\/\\\/les-bassans.com\\\/wp-content\\\/uploads\\\/2023\\\/05\\\/LesBassans-Logo-Simple.png\",\"width\":850,\"height\":253,\"caption\":\"Les Bassans\"},\"image\":{\"@id\":\"https:\\\/\\\/les-bassans.com\\\/#\\\/schema\\\/logo\\\/image\\\/\"}}]}<\/script>\n<!-- \/ Yoast SEO plugin. -->","yoast_head_json":{"title":"Classico \u2022 I Bassans","robots":{"index":"index","follow":"follow","max-snippet":"max-snippet:-1","max-image-preview":"max-image-preview:large","max-video-preview":"max-video-preview:-1"},"canonical":"https:\/\/les-bassans.com\/it\/portafoglio\/camera-classica\/","og_locale":"it_IT","og_type":"article","og_title":"Classique &#8226; Les Bassans","og_description":"Chambre Classique 16m2 Vue lat\u00e9rale mer 2 adultes Intimes et \u00e9l\u00e9gantes, les Chambres Classiques des Bassans sont id\u00e9ales pour un s\u00e9jour de charme sur la C\u00f4te de Granit Rose. Dans leur atmosph\u00e8re feutr\u00e9e, telles les cabines d\u2019un paquebot des ann\u00e9es 30, vous vous sentirez berc\u00e9s par le bruit des vagues. Dot\u00e9es d\u2019une vue lat\u00e9rale sur [&hellip;]","og_url":"https:\/\/les-bassans.com\/it\/portafoglio\/camera-classica\/","og_site_name":"Les Bassans","article_modified_time":"2026-01-15T10:38:56+00:00","og_image":[{"url":"https:\/\/les-bassans.com\/wp-content\/uploads\/2025\/11\/chambre-avec-vue-mer-longue-vue-hotel-les-bassans-fontenille-perros-guirec-min-1024x1024.webp","type":"","width":"","height":""}],"twitter_card":"summary_large_image","twitter_misc":{"Tempo di lettura stimato":"7 minuti"},"schema":{"@context":"https:\/\/schema.org","@graph":[{"@type":"WebPage","@id":"https:\/\/les-bassans.com\/portfolio\/chambre-classique\/","url":"https:\/\/les-bassans.com\/portfolio\/chambre-classique\/","name":"Classico \u2022 I Bassans","isPartOf":{"@id":"https:\/\/les-bassans.com\/#website"},"primaryImageOfPage":{"@id":"https:\/\/les-bassans.com\/portfolio\/chambre-classique\/#primaryimage"},"image":{"@id":"https:\/\/les-bassans.com\/portfolio\/chambre-classique\/#primaryimage"},"thumbnailUrl":"https:\/\/les-bassans.com\/wp-content\/uploads\/2025\/11\/chambre-avec-vue-mer-longue-vue-hotel-les-bassans-fontenille-perros-guirec-min-1024x1024.webp","datePublished":"2025-04-01T09:04:45+00:00","dateModified":"2026-01-15T10:38:56+00:00","breadcrumb":{"@id":"https:\/\/les-bassans.com\/portfolio\/chambre-classique\/#breadcrumb"},"inLanguage":"it-IT","potentialAction":[{"@type":"ReadAction","target":["https:\/\/les-bassans.com\/portfolio\/chambre-classique\/"]}]},{"@type":"ImageObject","inLanguage":"it-IT","@id":"https:\/\/les-bassans.com\/portfolio\/chambre-classique\/#primaryimage","url":"https:\/\/les-bassans.com\/wp-content\/uploads\/2025\/11\/chambre-avec-vue-mer-longue-vue-hotel-les-bassans-fontenille-perros-guirec-min-1024x1024.webp","contentUrl":"https:\/\/les-bassans.com\/wp-content\/uploads\/2025\/11\/chambre-avec-vue-mer-longue-vue-hotel-les-bassans-fontenille-perros-guirec-min-1024x1024.webp"},{"@type":"BreadcrumbList","@id":"https:\/\/les-bassans.com\/portfolio\/chambre-classique\/#breadcrumb","itemListElement":[{"@type":"ListItem","position":1,"name":"Accueil","item":"https:\/\/les-bassans.com\/"},{"@type":"ListItem","position":2,"name":"Classique"}]},{"@type":"WebSite","@id":"https:\/\/les-bassans.com\/#website","url":"https:\/\/les-bassans.com\/","name":"Les Bassans","description":"Hotel Spa a Perros-Guirec e ristorante con vista sul mare","publisher":{"@id":"https:\/\/les-bassans.com\/#organization"},"potentialAction":[{"@type":"SearchAction","target":{"@type":"EntryPoint","urlTemplate":"https:\/\/les-bassans.com\/?s={search_term_string}"},"query-input":{"@type":"PropertyValueSpecification","valueRequired":true,"valueName":"search_term_string"}}],"inLanguage":"it-IT"},{"@type":"Organization","@id":"https:\/\/les-bassans.com\/#organization","name":"Les Bassans","alternateName":"Bassans","url":"https:\/\/les-bassans.com\/","logo":{"@type":"ImageObject","inLanguage":"it-IT","@id":"https:\/\/les-bassans.com\/#\/schema\/logo\/image\/","url":"https:\/\/les-bassans.com\/wp-content\/uploads\/2023\/05\/LesBassans-Logo-Simple.png","contentUrl":"https:\/\/les-bassans.com\/wp-content\/uploads\/2023\/05\/LesBassans-Logo-Simple.png","width":850,"height":253,"caption":"Les Bassans"},"image":{"@id":"https:\/\/les-bassans.com\/#\/schema\/logo\/image\/"}}]}},"_links":{"self":[{"href":"https:\/\/les-bassans.com\/it\/wp-json\/wp\/v2\/arts_portfolio_item\/26933","targetHints":{"allow":["GET"]}}],"collection":[{"href":"https:\/\/les-bassans.com\/it\/wp-json\/wp\/v2\/arts_portfolio_item"}],"about":[{"href":"https:\/\/les-bassans.com\/it\/wp-json\/wp\/v2\/types\/arts_portfolio_item"}],"version-history":[{"count":114,"href":"https:\/\/les-bassans.com\/it\/wp-json\/wp\/v2\/arts_portfolio_item\/26933\/revisions"}],"predecessor-version":[{"id":29762,"href":"https:\/\/les-bassans.com\/it\/wp-json\/wp\/v2\/arts_portfolio_item\/26933\/revisions\/29762"}],"wp:attachment":[{"href":"https:\/\/les-bassans.com\/it\/wp-json\/wp\/v2\/media?parent=26933"}],"curies":[{"name":"wp","href":"https:\/\/api.w.org\/{rel}","templated":true}]}}

<!-- This site is optimized with the Yoast SEO plugin v27.5 - https://yoast.com/product/yoast-seo-wordpress/ -->
<title>Classique &#8226; Les Bassans</title>
<meta name="robots" content="index, follow, max-snippet:-1, max-image-preview:large, max-video-preview:-1" />
<link rel="canonical" href="https://les-bassans.com/it/portafoglio/camera-classica/" />
<meta property="og:locale" content="it_IT" />
<meta property="og:type" content="article" />
<meta property="og:title" content="Classique &#8226; Les Bassans" />
<meta property="og:description" content="Chambre Classique 16m2 Vue latérale mer 2 adultes Intimes et élégantes, les Chambres Classiques des Bassans sont idéales pour un séjour de charme sur la Côte de Granit Rose. Dans leur atmosphère feutrée, telles les cabines d’un paquebot des années 30, vous vous sentirez bercés par le bruit des vagues. Dotées d’une vue latérale sur [&hellip;]" />
<meta property="og:url" content="https://les-bassans.com/it/portafoglio/camera-classica/" />
<meta property="og:site_name" content="Les Bassans" />
<meta property="article:modified_time" content="2026-01-15T10:38:56+00:00" />
<meta property="og:image" content="https://les-bassans.com/wp-content/uploads/2025/11/chambre-avec-vue-mer-longue-vue-hotel-les-bassans-fontenille-perros-guirec-min-1024x1024.webp" />
<meta name="twitter:card" content="summary_large_image" />
<meta name="twitter:label1" content="Tempo di lettura stimato" />
	<meta name="twitter:data1" content="7 minuti" />
<script type="application/ld+json" class="yoast-schema-graph">{"@context":"https:\/\/schema.org","@graph":[{"@type":"WebPage","@id":"https:\/\/les-bassans.com\/portfolio\/chambre-classique\/","url":"https:\/\/les-bassans.com\/portfolio\/chambre-classique\/","name":"Classique &#8226; Les Bassans","isPartOf":{"@id":"https:\/\/les-bassans.com\/#website"},"primaryImageOfPage":{"@id":"https:\/\/les-bassans.com\/portfolio\/chambre-classique\/#primaryimage"},"image":{"@id":"https:\/\/les-bassans.com\/portfolio\/chambre-classique\/#primaryimage"},"thumbnailUrl":"https:\/\/les-bassans.com\/wp-content\/uploads\/2025\/11\/chambre-avec-vue-mer-longue-vue-hotel-les-bassans-fontenille-perros-guirec-min-1024x1024.webp","datePublished":"2025-04-01T09:04:45+00:00","dateModified":"2026-01-15T10:38:56+00:00","breadcrumb":{"@id":"https:\/\/les-bassans.com\/portfolio\/chambre-classique\/#breadcrumb"},"inLanguage":"it-IT","potentialAction":[{"@type":"ReadAction","target":["https:\/\/les-bassans.com\/portfolio\/chambre-classique\/"]}]},{"@type":"ImageObject","inLanguage":"it-IT","@id":"https:\/\/les-bassans.com\/portfolio\/chambre-classique\/#primaryimage","url":"https:\/\/les-bassans.com\/wp-content\/uploads\/2025\/11\/chambre-avec-vue-mer-longue-vue-hotel-les-bassans-fontenille-perros-guirec-min-1024x1024.webp","contentUrl":"https:\/\/les-bassans.com\/wp-content\/uploads\/2025\/11\/chambre-avec-vue-mer-longue-vue-hotel-les-bassans-fontenille-perros-guirec-min-1024x1024.webp"},{"@type":"BreadcrumbList","@id":"https:\/\/les-bassans.com\/portfolio\/chambre-classique\/#breadcrumb","itemListElement":[{"@type":"ListItem","position":1,"name":"Accueil","item":"https:\/\/les-bassans.com\/"},{"@type":"ListItem","position":2,"name":"Classique"}]},{"@type":"WebSite","@id":"https:\/\/les-bassans.com\/#website","url":"https:\/\/les-bassans.com\/","name":"Les Bassans","description":"Hôtel Spa à Perros-Guirec et Restaurant vue mer","publisher":{"@id":"https:\/\/les-bassans.com\/#organization"},"potentialAction":[{"@type":"SearchAction","target":{"@type":"EntryPoint","urlTemplate":"https:\/\/les-bassans.com\/?s={search_term_string}"},"query-input":{"@type":"PropertyValueSpecification","valueRequired":true,"valueName":"search_term_string"}}],"inLanguage":"it-IT"},{"@type":"Organization","@id":"https:\/\/les-bassans.com\/#organization","name":"Les Bassans","alternateName":"Bassans","url":"https:\/\/les-bassans.com\/","logo":{"@type":"ImageObject","inLanguage":"it-IT","@id":"https:\/\/les-bassans.com\/#\/schema\/logo\/image\/","url":"https:\/\/les-bassans.com\/wp-content\/uploads\/2023\/05\/LesBassans-Logo-Simple.png","contentUrl":"https:\/\/les-bassans.com\/wp-content\/uploads\/2023\/05\/LesBassans-Logo-Simple.png","width":850,"height":253,"caption":"Les Bassans"},"image":{"@id":"https:\/\/les-bassans.com\/#\/schema\/logo\/image\/"}}]}</script>
<!-- / Yoast SEO plugin. -->

Chambre Classique 16m2 Vue latérale mer 2 adultes Intimes et élégantes, les Chambres Classiques des Bassans sont idéales pour un séjour de charme sur la Côte de Granit Rose. Dans leur atmosphère feutrée, telles les cabines d’un paquebot des années 30, vous vous sentirez bercés par le bruit des vagues. Dotées d’une vue latérale sur [&hellip;]
