{"id":29558,"date":"2025-11-14T15:34:34","date_gmt":"2025-11-14T15:34:34","guid":{"rendered":"https:\/\/les-bassans.com\/?post_type=arts_portfolio_item&#038;p=29558"},"modified":"2026-01-15T10:44:47","modified_gmt":"2026-01-15T10:44:47","slug":"jardin-de-lujo","status":"publish","type":"arts_portfolio_item","link":"https:\/\/les-bassans.com\/es\/portafolio\/jardin-de-lujo\/","title":{"rendered":"Jard\u00edn de Lujo"},"featured_media":0,"template":"","class_list":["post-29558","arts_portfolio_item","type-arts_portfolio_item","status-publish","hentry"],"acf":[],"yoast_head":"<!-- This site is optimized with the Yoast SEO plugin v27.5 - https:\/\/yoast.com\/product\/yoast-seo-wordpress\/ -->\n<title>Deluxe Jardin &#8226; Les Bassans<\/title>\n<meta name=\"robots\" content=\"index, follow, max-snippet:-1, max-image-preview:large, max-video-preview:-1\" \/>\n<link rel=\"canonical\" href=\"https:\/\/les-bassans.com\/es\/portafolio\/jardin-de-lujo\/\" \/>\n<meta property=\"og:locale\" content=\"es_ES\" \/>\n<meta property=\"og:type\" content=\"article\" \/>\n<meta property=\"og:title\" content=\"Deluxe Jardin &#8226; Les Bassans\" \/>\n<meta property=\"og:description\" content=\"Deluxe Jardin 22m2 Vue mer avec une terrasse 2 adultes Jetez l\u2019ancre dans notre unique Deluxe Jardin, nich\u00e9e au c\u0153ur des hortensias multicolores. Atypique et \u00e0 l\u2019abri des regards, vous avez le sentiment d\u2019\u00eatre seul au monde. Depuis votre lit, la mer s\u2019offre \u00e0 vous \u00e0 travers la porte-fen\u00eatre \u2014 seule ouverture de la chambre [&hellip;]\" \/>\n<meta property=\"og:url\" content=\"https:\/\/les-bassans.com\/es\/portafolio\/jardin-de-lujo\/\" \/>\n<meta property=\"og:site_name\" content=\"Les Bassans\" \/>\n<meta property=\"article:modified_time\" content=\"2026-01-15T10:44:47+00:00\" \/>\n<meta property=\"og:image\" content=\"https:\/\/les-bassans.com\/wp-content\/uploads\/2025\/06\/les-bassans-deluxe-terrasse-vue-mer-plage-trestignel-manoir-du-sphinx-sentier-douaniers-perros-guirec.jpg\" \/>\n<meta name=\"twitter:card\" content=\"summary_large_image\" \/>\n<meta name=\"twitter:label1\" content=\"Tiempo de lectura\" \/>\n\t<meta name=\"twitter:data1\" content=\"7 minutos\" \/>\n<script type=\"application\/ld+json\" class=\"yoast-schema-graph\">{\"@context\":\"https:\\\/\\\/schema.org\",\"@graph\":[{\"@type\":\"WebPage\",\"@id\":\"https:\\\/\\\/les-bassans.com\\\/portfolio\\\/deluxe-jardin\\\/\",\"url\":\"https:\\\/\\\/les-bassans.com\\\/portfolio\\\/deluxe-jardin\\\/\",\"name\":\"Deluxe Jardin &#8226; Les Bassans\",\"isPartOf\":{\"@id\":\"https:\\\/\\\/les-bassans.com\\\/#website\"},\"primaryImageOfPage\":{\"@id\":\"https:\\\/\\\/les-bassans.com\\\/portfolio\\\/deluxe-jardin\\\/#primaryimage\"},\"image\":{\"@id\":\"https:\\\/\\\/les-bassans.com\\\/portfolio\\\/deluxe-jardin\\\/#primaryimage\"},\"thumbnailUrl\":\"https:\\\/\\\/les-bassans.com\\\/wp-content\\\/uploads\\\/2025\\\/06\\\/les-bassans-deluxe-terrasse-vue-mer-plage-trestignel-manoir-du-sphinx-sentier-douaniers-perros-guirec.jpg\",\"datePublished\":\"2025-11-14T15:34:34+00:00\",\"dateModified\":\"2026-01-15T10:44:47+00:00\",\"breadcrumb\":{\"@id\":\"https:\\\/\\\/les-bassans.com\\\/portfolio\\\/deluxe-jardin\\\/#breadcrumb\"},\"inLanguage\":\"es\",\"potentialAction\":[{\"@type\":\"ReadAction\",\"target\":[\"https:\\\/\\\/les-bassans.com\\\/portfolio\\\/deluxe-jardin\\\/\"]}]},{\"@type\":\"ImageObject\",\"inLanguage\":\"es\",\"@id\":\"https:\\\/\\\/les-bassans.com\\\/portfolio\\\/deluxe-jardin\\\/#primaryimage\",\"url\":\"https:\\\/\\\/les-bassans.com\\\/wp-content\\\/uploads\\\/2025\\\/06\\\/les-bassans-deluxe-terrasse-vue-mer-plage-trestignel-manoir-du-sphinx-sentier-douaniers-perros-guirec.jpg\",\"contentUrl\":\"https:\\\/\\\/les-bassans.com\\\/wp-content\\\/uploads\\\/2025\\\/06\\\/les-bassans-deluxe-terrasse-vue-mer-plage-trestignel-manoir-du-sphinx-sentier-douaniers-perros-guirec.jpg\"},{\"@type\":\"BreadcrumbList\",\"@id\":\"https:\\\/\\\/les-bassans.com\\\/portfolio\\\/deluxe-jardin\\\/#breadcrumb\",\"itemListElement\":[{\"@type\":\"ListItem\",\"position\":1,\"name\":\"Accueil\",\"item\":\"https:\\\/\\\/les-bassans.com\\\/\"},{\"@type\":\"ListItem\",\"position\":2,\"name\":\"Deluxe Jardin\"}]},{\"@type\":\"WebSite\",\"@id\":\"https:\\\/\\\/les-bassans.com\\\/#website\",\"url\":\"https:\\\/\\\/les-bassans.com\\\/\",\"name\":\"Les Bassans\",\"description\":\"H\u00f4tel Spa \u00e0 Perros-Guirec et Restaurant vue mer\",\"publisher\":{\"@id\":\"https:\\\/\\\/les-bassans.com\\\/#organization\"},\"potentialAction\":[{\"@type\":\"SearchAction\",\"target\":{\"@type\":\"EntryPoint\",\"urlTemplate\":\"https:\\\/\\\/les-bassans.com\\\/?s={search_term_string}\"},\"query-input\":{\"@type\":\"PropertyValueSpecification\",\"valueRequired\":true,\"valueName\":\"search_term_string\"}}],\"inLanguage\":\"es\"},{\"@type\":\"Organization\",\"@id\":\"https:\\\/\\\/les-bassans.com\\\/#organization\",\"name\":\"Les Bassans\",\"alternateName\":\"Bassans\",\"url\":\"https:\\\/\\\/les-bassans.com\\\/\",\"logo\":{\"@type\":\"ImageObject\",\"inLanguage\":\"es\",\"@id\":\"https:\\\/\\\/les-bassans.com\\\/#\\\/schema\\\/logo\\\/image\\\/\",\"url\":\"https:\\\/\\\/les-bassans.com\\\/wp-content\\\/uploads\\\/2023\\\/05\\\/LesBassans-Logo-Simple.png\",\"contentUrl\":\"https:\\\/\\\/les-bassans.com\\\/wp-content\\\/uploads\\\/2023\\\/05\\\/LesBassans-Logo-Simple.png\",\"width\":850,\"height\":253,\"caption\":\"Les Bassans\"},\"image\":{\"@id\":\"https:\\\/\\\/les-bassans.com\\\/#\\\/schema\\\/logo\\\/image\\\/\"}}]}<\/script>\n<!-- \/ Yoast SEO plugin. -->","yoast_head_json":{"title":"Deluxe Jard\u00edn \u2022 Les Bassans","robots":{"index":"index","follow":"follow","max-snippet":"max-snippet:-1","max-image-preview":"max-image-preview:large","max-video-preview":"max-video-preview:-1"},"canonical":"https:\/\/les-bassans.com\/es\/portafolio\/jardin-de-lujo\/","og_locale":"es_ES","og_type":"article","og_title":"Deluxe Jardin &#8226; Les Bassans","og_description":"Deluxe Jardin 22m2 Vue mer avec une terrasse 2 adultes Jetez l\u2019ancre dans notre unique Deluxe Jardin, nich\u00e9e au c\u0153ur des hortensias multicolores. Atypique et \u00e0 l\u2019abri des regards, vous avez le sentiment d\u2019\u00eatre seul au monde. Depuis votre lit, la mer s\u2019offre \u00e0 vous \u00e0 travers la porte-fen\u00eatre \u2014 seule ouverture de la chambre [&hellip;]","og_url":"https:\/\/les-bassans.com\/es\/portafolio\/jardin-de-lujo\/","og_site_name":"Les Bassans","article_modified_time":"2026-01-15T10:44:47+00:00","og_image":[{"url":"https:\/\/les-bassans.com\/wp-content\/uploads\/2025\/06\/les-bassans-deluxe-terrasse-vue-mer-plage-trestignel-manoir-du-sphinx-sentier-douaniers-perros-guirec.jpg","type":"","width":"","height":""}],"twitter_card":"summary_large_image","twitter_misc":{"Tiempo de lectura":"7 minutos"},"schema":{"@context":"https:\/\/schema.org","@graph":[{"@type":"WebPage","@id":"https:\/\/les-bassans.com\/portfolio\/deluxe-jardin\/","url":"https:\/\/les-bassans.com\/portfolio\/deluxe-jardin\/","name":"Deluxe Jard\u00edn \u2022 Les Bassans","isPartOf":{"@id":"https:\/\/les-bassans.com\/#website"},"primaryImageOfPage":{"@id":"https:\/\/les-bassans.com\/portfolio\/deluxe-jardin\/#primaryimage"},"image":{"@id":"https:\/\/les-bassans.com\/portfolio\/deluxe-jardin\/#primaryimage"},"thumbnailUrl":"https:\/\/les-bassans.com\/wp-content\/uploads\/2025\/06\/les-bassans-deluxe-terrasse-vue-mer-plage-trestignel-manoir-du-sphinx-sentier-douaniers-perros-guirec.jpg","datePublished":"2025-11-14T15:34:34+00:00","dateModified":"2026-01-15T10:44:47+00:00","breadcrumb":{"@id":"https:\/\/les-bassans.com\/portfolio\/deluxe-jardin\/#breadcrumb"},"inLanguage":"es","potentialAction":[{"@type":"ReadAction","target":["https:\/\/les-bassans.com\/portfolio\/deluxe-jardin\/"]}]},{"@type":"ImageObject","inLanguage":"es","@id":"https:\/\/les-bassans.com\/portfolio\/deluxe-jardin\/#primaryimage","url":"https:\/\/les-bassans.com\/wp-content\/uploads\/2025\/06\/les-bassans-deluxe-terrasse-vue-mer-plage-trestignel-manoir-du-sphinx-sentier-douaniers-perros-guirec.jpg","contentUrl":"https:\/\/les-bassans.com\/wp-content\/uploads\/2025\/06\/les-bassans-deluxe-terrasse-vue-mer-plage-trestignel-manoir-du-sphinx-sentier-douaniers-perros-guirec.jpg"},{"@type":"BreadcrumbList","@id":"https:\/\/les-bassans.com\/portfolio\/deluxe-jardin\/#breadcrumb","itemListElement":[{"@type":"ListItem","position":1,"name":"Accueil","item":"https:\/\/les-bassans.com\/"},{"@type":"ListItem","position":2,"name":"Deluxe Jardin"}]},{"@type":"WebSite","@id":"https:\/\/les-bassans.com\/#website","url":"https:\/\/les-bassans.com\/","name":"Les Bassans","description":"Hotel Spa en Perros-Guirec y Restaurante con vistas al mar","publisher":{"@id":"https:\/\/les-bassans.com\/#organization"},"potentialAction":[{"@type":"SearchAction","target":{"@type":"EntryPoint","urlTemplate":"https:\/\/les-bassans.com\/?s={search_term_string}"},"query-input":{"@type":"PropertyValueSpecification","valueRequired":true,"valueName":"search_term_string"}}],"inLanguage":"es"},{"@type":"Organization","@id":"https:\/\/les-bassans.com\/#organization","name":"Les Bassans","alternateName":"Bassans","url":"https:\/\/les-bassans.com\/","logo":{"@type":"ImageObject","inLanguage":"es","@id":"https:\/\/les-bassans.com\/#\/schema\/logo\/image\/","url":"https:\/\/les-bassans.com\/wp-content\/uploads\/2023\/05\/LesBassans-Logo-Simple.png","contentUrl":"https:\/\/les-bassans.com\/wp-content\/uploads\/2023\/05\/LesBassans-Logo-Simple.png","width":850,"height":253,"caption":"Les Bassans"},"image":{"@id":"https:\/\/les-bassans.com\/#\/schema\/logo\/image\/"}}]}},"_links":{"self":[{"href":"https:\/\/les-bassans.com\/es\/wp-json\/wp\/v2\/arts_portfolio_item\/29558","targetHints":{"allow":["GET"]}}],"collection":[{"href":"https:\/\/les-bassans.com\/es\/wp-json\/wp\/v2\/arts_portfolio_item"}],"about":[{"href":"https:\/\/les-bassans.com\/es\/wp-json\/wp\/v2\/types\/arts_portfolio_item"}],"version-history":[{"count":17,"href":"https:\/\/les-bassans.com\/es\/wp-json\/wp\/v2\/arts_portfolio_item\/29558\/revisions"}],"predecessor-version":[{"id":29771,"href":"https:\/\/les-bassans.com\/es\/wp-json\/wp\/v2\/arts_portfolio_item\/29558\/revisions\/29771"}],"wp:attachment":[{"href":"https:\/\/les-bassans.com\/es\/wp-json\/wp\/v2\/media?parent=29558"}],"curies":[{"name":"wp","href":"https:\/\/api.w.org\/{rel}","templated":true}]}}

Jardín de Lujo

<!-- This site is optimized with the Yoast SEO plugin v27.5 - https://yoast.com/product/yoast-seo-wordpress/ -->
<title>Deluxe Jardin &#8226; Les Bassans</title>
<meta name="robots" content="index, follow, max-snippet:-1, max-image-preview:large, max-video-preview:-1" />
<link rel="canonical" href="https://les-bassans.com/es/portafolio/jardin-de-lujo/" />
<meta property="og:locale" content="es_ES" />
<meta property="og:type" content="article" />
<meta property="og:title" content="Deluxe Jardin &#8226; Les Bassans" />
<meta property="og:description" content="Deluxe Jardin 22m2 Vue mer avec une terrasse 2 adultes Jetez l’ancre dans notre unique Deluxe Jardin, nichée au cœur des hortensias multicolores. Atypique et à l’abri des regards, vous avez le sentiment d’être seul au monde. Depuis votre lit, la mer s’offre à vous à travers la porte-fenêtre — seule ouverture de la chambre [&hellip;]" />
<meta property="og:url" content="https://les-bassans.com/es/portafolio/jardin-de-lujo/" />
<meta property="og:site_name" content="Les Bassans" />
<meta property="article:modified_time" content="2026-01-15T10:44:47+00:00" />
<meta property="og:image" content="https://les-bassans.com/wp-content/uploads/2025/06/les-bassans-deluxe-terrasse-vue-mer-plage-trestignel-manoir-du-sphinx-sentier-douaniers-perros-guirec.jpg" />
<meta name="twitter:card" content="summary_large_image" />
<meta name="twitter:label1" content="Tiempo de lectura" />
	<meta name="twitter:data1" content="7 minutos" />
<script type="application/ld+json" class="yoast-schema-graph">{"@context":"https:\/\/schema.org","@graph":[{"@type":"WebPage","@id":"https:\/\/les-bassans.com\/portfolio\/deluxe-jardin\/","url":"https:\/\/les-bassans.com\/portfolio\/deluxe-jardin\/","name":"Deluxe Jardin &#8226; Les Bassans","isPartOf":{"@id":"https:\/\/les-bassans.com\/#website"},"primaryImageOfPage":{"@id":"https:\/\/les-bassans.com\/portfolio\/deluxe-jardin\/#primaryimage"},"image":{"@id":"https:\/\/les-bassans.com\/portfolio\/deluxe-jardin\/#primaryimage"},"thumbnailUrl":"https:\/\/les-bassans.com\/wp-content\/uploads\/2025\/06\/les-bassans-deluxe-terrasse-vue-mer-plage-trestignel-manoir-du-sphinx-sentier-douaniers-perros-guirec.jpg","datePublished":"2025-11-14T15:34:34+00:00","dateModified":"2026-01-15T10:44:47+00:00","breadcrumb":{"@id":"https:\/\/les-bassans.com\/portfolio\/deluxe-jardin\/#breadcrumb"},"inLanguage":"es","potentialAction":[{"@type":"ReadAction","target":["https:\/\/les-bassans.com\/portfolio\/deluxe-jardin\/"]}]},{"@type":"ImageObject","inLanguage":"es","@id":"https:\/\/les-bassans.com\/portfolio\/deluxe-jardin\/#primaryimage","url":"https:\/\/les-bassans.com\/wp-content\/uploads\/2025\/06\/les-bassans-deluxe-terrasse-vue-mer-plage-trestignel-manoir-du-sphinx-sentier-douaniers-perros-guirec.jpg","contentUrl":"https:\/\/les-bassans.com\/wp-content\/uploads\/2025\/06\/les-bassans-deluxe-terrasse-vue-mer-plage-trestignel-manoir-du-sphinx-sentier-douaniers-perros-guirec.jpg"},{"@type":"BreadcrumbList","@id":"https:\/\/les-bassans.com\/portfolio\/deluxe-jardin\/#breadcrumb","itemListElement":[{"@type":"ListItem","position":1,"name":"Accueil","item":"https:\/\/les-bassans.com\/"},{"@type":"ListItem","position":2,"name":"Deluxe Jardin"}]},{"@type":"WebSite","@id":"https:\/\/les-bassans.com\/#website","url":"https:\/\/les-bassans.com\/","name":"Les Bassans","description":"Hôtel Spa à Perros-Guirec et Restaurant vue mer","publisher":{"@id":"https:\/\/les-bassans.com\/#organization"},"potentialAction":[{"@type":"SearchAction","target":{"@type":"EntryPoint","urlTemplate":"https:\/\/les-bassans.com\/?s={search_term_string}"},"query-input":{"@type":"PropertyValueSpecification","valueRequired":true,"valueName":"search_term_string"}}],"inLanguage":"es"},{"@type":"Organization","@id":"https:\/\/les-bassans.com\/#organization","name":"Les Bassans","alternateName":"Bassans","url":"https:\/\/les-bassans.com\/","logo":{"@type":"ImageObject","inLanguage":"es","@id":"https:\/\/les-bassans.com\/#\/schema\/logo\/image\/","url":"https:\/\/les-bassans.com\/wp-content\/uploads\/2023\/05\/LesBassans-Logo-Simple.png","contentUrl":"https:\/\/les-bassans.com\/wp-content\/uploads\/2023\/05\/LesBassans-Logo-Simple.png","width":850,"height":253,"caption":"Les Bassans"},"image":{"@id":"https:\/\/les-bassans.com\/#\/schema\/logo\/image\/"}}]}</script>
<!-- / Yoast SEO plugin. -->

Deluxe Jardín • Les Bassans

Deluxe Jardin 22m2 Vue mer avec une terrasse 2 adultes Jetez l’ancre dans notre unique Deluxe Jardin, nichée au cœur des hortensias multicolores. Atypique et à l’abri des regards, vous avez le sentiment d’être seul au monde. Depuis votre lit, la mer s’offre à vous à travers la porte-fenêtre — seule ouverture de la chambre [&hellip;]
