{"id":26936,"date":"2025-04-01T09:03:03","date_gmt":"2025-04-01T09:03:03","guid":{"rendered":"https:\/\/les-bassans.com\/?post_type=arts_portfolio_item&#038;p=26936"},"modified":"2026-01-15T10:49:32","modified_gmt":"2026-01-15T10:49:32","slug":"cabina-4-suite-con-vista-al-mar","status":"publish","type":"arts_portfolio_item","link":"https:\/\/les-bassans.com\/es\/portafolio\/cabina-4-suite-con-vista-al-mar\/","title":{"rendered":"Habitaci\u00f3n Signature"},"featured_media":0,"template":"","class_list":["post-26936","arts_portfolio_item","type-arts_portfolio_item","status-publish","hentry"],"acf":[],"yoast_head":"<!-- This site is optimized with the Yoast SEO plugin v27.5 - https:\/\/yoast.com\/product\/yoast-seo-wordpress\/ -->\n<title>Chambre Signature &#8226; Les Bassans<\/title>\n<meta name=\"robots\" content=\"index, follow, max-snippet:-1, max-image-preview:large, max-video-preview:-1\" \/>\n<link rel=\"canonical\" href=\"https:\/\/les-bassans.com\/es\/portafolio\/cabina-4-suite-con-vista-al-mar\/\" \/>\n<meta property=\"og:locale\" content=\"es_ES\" \/>\n<meta property=\"og:type\" content=\"article\" \/>\n<meta property=\"og:title\" content=\"Chambre Signature &#8226; Les Bassans\" \/>\n<meta property=\"og:description\" content=\"Chambre Signature La Cabine n\u00b04 29m2 Vue mer 2 adultes Embarquez \u00e0 bord de la Cabine n\u00b04, Chambre Signature de l\u2019esprit des Bassans.Comme suspendu au-dessus des flots, vous contemplez une mer \u00e9cumante aux mille nuances de bleu, tandis que la lumi\u00e8re changeante vous enveloppe et vous hypnotise.Entour\u00e9e de vastes baies vitr\u00e9es, cette chambre exclusive baigne [&hellip;]\" \/>\n<meta property=\"og:url\" content=\"https:\/\/les-bassans.com\/es\/portafolio\/cabina-4-suite-con-vista-al-mar\/\" \/>\n<meta property=\"og:site_name\" content=\"Les Bassans\" \/>\n<meta property=\"article:modified_time\" content=\"2026-01-15T10:49:32+00:00\" \/>\n<meta property=\"og:image\" content=\"https:\/\/les-bassans.com\/wp-content\/uploads\/2025\/11\/hotel-les-bassans-fontenille-perros-guirec-bretagne-chambre-lit-vue-mer-min-1024x1024.webp\" \/>\n<meta name=\"twitter:card\" content=\"summary_large_image\" \/>\n<meta name=\"twitter:label1\" content=\"Tiempo de lectura\" \/>\n\t<meta name=\"twitter:data1\" content=\"8 minutos\" \/>\n<script type=\"application\/ld+json\" class=\"yoast-schema-graph\">{\"@context\":\"https:\\\/\\\/schema.org\",\"@graph\":[{\"@type\":\"WebPage\",\"@id\":\"https:\\\/\\\/les-bassans.com\\\/portfolio\\\/cabine-4-chambre-signature-vue-mer\\\/\",\"url\":\"https:\\\/\\\/les-bassans.com\\\/portfolio\\\/cabine-4-chambre-signature-vue-mer\\\/\",\"name\":\"Chambre Signature &#8226; Les Bassans\",\"isPartOf\":{\"@id\":\"https:\\\/\\\/les-bassans.com\\\/#website\"},\"primaryImageOfPage\":{\"@id\":\"https:\\\/\\\/les-bassans.com\\\/portfolio\\\/cabine-4-chambre-signature-vue-mer\\\/#primaryimage\"},\"image\":{\"@id\":\"https:\\\/\\\/les-bassans.com\\\/portfolio\\\/cabine-4-chambre-signature-vue-mer\\\/#primaryimage\"},\"thumbnailUrl\":\"https:\\\/\\\/les-bassans.com\\\/wp-content\\\/uploads\\\/2025\\\/11\\\/hotel-les-bassans-fontenille-perros-guirec-bretagne-chambre-lit-vue-mer-min-1024x1024.webp\",\"datePublished\":\"2025-04-01T09:03:03+00:00\",\"dateModified\":\"2026-01-15T10:49:32+00:00\",\"breadcrumb\":{\"@id\":\"https:\\\/\\\/les-bassans.com\\\/portfolio\\\/cabine-4-chambre-signature-vue-mer\\\/#breadcrumb\"},\"inLanguage\":\"es\",\"potentialAction\":[{\"@type\":\"ReadAction\",\"target\":[\"https:\\\/\\\/les-bassans.com\\\/portfolio\\\/cabine-4-chambre-signature-vue-mer\\\/\"]}]},{\"@type\":\"ImageObject\",\"inLanguage\":\"es\",\"@id\":\"https:\\\/\\\/les-bassans.com\\\/portfolio\\\/cabine-4-chambre-signature-vue-mer\\\/#primaryimage\",\"url\":\"https:\\\/\\\/les-bassans.com\\\/wp-content\\\/uploads\\\/2025\\\/11\\\/hotel-les-bassans-fontenille-perros-guirec-bretagne-chambre-lit-vue-mer-min-1024x1024.webp\",\"contentUrl\":\"https:\\\/\\\/les-bassans.com\\\/wp-content\\\/uploads\\\/2025\\\/11\\\/hotel-les-bassans-fontenille-perros-guirec-bretagne-chambre-lit-vue-mer-min-1024x1024.webp\"},{\"@type\":\"BreadcrumbList\",\"@id\":\"https:\\\/\\\/les-bassans.com\\\/portfolio\\\/cabine-4-chambre-signature-vue-mer\\\/#breadcrumb\",\"itemListElement\":[{\"@type\":\"ListItem\",\"position\":1,\"name\":\"Accueil\",\"item\":\"https:\\\/\\\/les-bassans.com\\\/\"},{\"@type\":\"ListItem\",\"position\":2,\"name\":\"Chambre Signature\"}]},{\"@type\":\"WebSite\",\"@id\":\"https:\\\/\\\/les-bassans.com\\\/#website\",\"url\":\"https:\\\/\\\/les-bassans.com\\\/\",\"name\":\"Les Bassans\",\"description\":\"H\u00f4tel Spa \u00e0 Perros-Guirec et Restaurant vue mer\",\"publisher\":{\"@id\":\"https:\\\/\\\/les-bassans.com\\\/#organization\"},\"potentialAction\":[{\"@type\":\"SearchAction\",\"target\":{\"@type\":\"EntryPoint\",\"urlTemplate\":\"https:\\\/\\\/les-bassans.com\\\/?s={search_term_string}\"},\"query-input\":{\"@type\":\"PropertyValueSpecification\",\"valueRequired\":true,\"valueName\":\"search_term_string\"}}],\"inLanguage\":\"es\"},{\"@type\":\"Organization\",\"@id\":\"https:\\\/\\\/les-bassans.com\\\/#organization\",\"name\":\"Les Bassans\",\"alternateName\":\"Bassans\",\"url\":\"https:\\\/\\\/les-bassans.com\\\/\",\"logo\":{\"@type\":\"ImageObject\",\"inLanguage\":\"es\",\"@id\":\"https:\\\/\\\/les-bassans.com\\\/#\\\/schema\\\/logo\\\/image\\\/\",\"url\":\"https:\\\/\\\/les-bassans.com\\\/wp-content\\\/uploads\\\/2023\\\/05\\\/LesBassans-Logo-Simple.png\",\"contentUrl\":\"https:\\\/\\\/les-bassans.com\\\/wp-content\\\/uploads\\\/2023\\\/05\\\/LesBassans-Logo-Simple.png\",\"width\":850,\"height\":253,\"caption\":\"Les Bassans\"},\"image\":{\"@id\":\"https:\\\/\\\/les-bassans.com\\\/#\\\/schema\\\/logo\\\/image\\\/\"}}]}<\/script>\n<!-- \/ Yoast SEO plugin. -->","yoast_head_json":{"title":"Habitaci\u00f3n Signature \u2022 Les Bassans","robots":{"index":"index","follow":"follow","max-snippet":"max-snippet:-1","max-image-preview":"max-image-preview:large","max-video-preview":"max-video-preview:-1"},"canonical":"https:\/\/les-bassans.com\/es\/portafolio\/cabina-4-suite-con-vista-al-mar\/","og_locale":"es_ES","og_type":"article","og_title":"Chambre Signature &#8226; Les Bassans","og_description":"Chambre Signature La Cabine n\u00b04 29m2 Vue mer 2 adultes Embarquez \u00e0 bord de la Cabine n\u00b04, Chambre Signature de l\u2019esprit des Bassans.Comme suspendu au-dessus des flots, vous contemplez une mer \u00e9cumante aux mille nuances de bleu, tandis que la lumi\u00e8re changeante vous enveloppe et vous hypnotise.Entour\u00e9e de vastes baies vitr\u00e9es, cette chambre exclusive baigne [&hellip;]","og_url":"https:\/\/les-bassans.com\/es\/portafolio\/cabina-4-suite-con-vista-al-mar\/","og_site_name":"Les Bassans","article_modified_time":"2026-01-15T10:49:32+00:00","og_image":[{"url":"https:\/\/les-bassans.com\/wp-content\/uploads\/2025\/11\/hotel-les-bassans-fontenille-perros-guirec-bretagne-chambre-lit-vue-mer-min-1024x1024.webp","type":"","width":"","height":""}],"twitter_card":"summary_large_image","twitter_misc":{"Tiempo de lectura":"8 minutos"},"schema":{"@context":"https:\/\/schema.org","@graph":[{"@type":"WebPage","@id":"https:\/\/les-bassans.com\/portfolio\/cabine-4-chambre-signature-vue-mer\/","url":"https:\/\/les-bassans.com\/portfolio\/cabine-4-chambre-signature-vue-mer\/","name":"Habitaci\u00f3n Signature \u2022 Les Bassans","isPartOf":{"@id":"https:\/\/les-bassans.com\/#website"},"primaryImageOfPage":{"@id":"https:\/\/les-bassans.com\/portfolio\/cabine-4-chambre-signature-vue-mer\/#primaryimage"},"image":{"@id":"https:\/\/les-bassans.com\/portfolio\/cabine-4-chambre-signature-vue-mer\/#primaryimage"},"thumbnailUrl":"https:\/\/les-bassans.com\/wp-content\/uploads\/2025\/11\/hotel-les-bassans-fontenille-perros-guirec-bretagne-chambre-lit-vue-mer-min-1024x1024.webp","datePublished":"2025-04-01T09:03:03+00:00","dateModified":"2026-01-15T10:49:32+00:00","breadcrumb":{"@id":"https:\/\/les-bassans.com\/portfolio\/cabine-4-chambre-signature-vue-mer\/#breadcrumb"},"inLanguage":"es","potentialAction":[{"@type":"ReadAction","target":["https:\/\/les-bassans.com\/portfolio\/cabine-4-chambre-signature-vue-mer\/"]}]},{"@type":"ImageObject","inLanguage":"es","@id":"https:\/\/les-bassans.com\/portfolio\/cabine-4-chambre-signature-vue-mer\/#primaryimage","url":"https:\/\/les-bassans.com\/wp-content\/uploads\/2025\/11\/hotel-les-bassans-fontenille-perros-guirec-bretagne-chambre-lit-vue-mer-min-1024x1024.webp","contentUrl":"https:\/\/les-bassans.com\/wp-content\/uploads\/2025\/11\/hotel-les-bassans-fontenille-perros-guirec-bretagne-chambre-lit-vue-mer-min-1024x1024.webp"},{"@type":"BreadcrumbList","@id":"https:\/\/les-bassans.com\/portfolio\/cabine-4-chambre-signature-vue-mer\/#breadcrumb","itemListElement":[{"@type":"ListItem","position":1,"name":"Accueil","item":"https:\/\/les-bassans.com\/"},{"@type":"ListItem","position":2,"name":"Chambre Signature"}]},{"@type":"WebSite","@id":"https:\/\/les-bassans.com\/#website","url":"https:\/\/les-bassans.com\/","name":"Les Bassans","description":"Hotel Spa en Perros-Guirec y Restaurante con vistas al mar","publisher":{"@id":"https:\/\/les-bassans.com\/#organization"},"potentialAction":[{"@type":"SearchAction","target":{"@type":"EntryPoint","urlTemplate":"https:\/\/les-bassans.com\/?s={search_term_string}"},"query-input":{"@type":"PropertyValueSpecification","valueRequired":true,"valueName":"search_term_string"}}],"inLanguage":"es"},{"@type":"Organization","@id":"https:\/\/les-bassans.com\/#organization","name":"Les Bassans","alternateName":"Bassans","url":"https:\/\/les-bassans.com\/","logo":{"@type":"ImageObject","inLanguage":"es","@id":"https:\/\/les-bassans.com\/#\/schema\/logo\/image\/","url":"https:\/\/les-bassans.com\/wp-content\/uploads\/2023\/05\/LesBassans-Logo-Simple.png","contentUrl":"https:\/\/les-bassans.com\/wp-content\/uploads\/2023\/05\/LesBassans-Logo-Simple.png","width":850,"height":253,"caption":"Les Bassans"},"image":{"@id":"https:\/\/les-bassans.com\/#\/schema\/logo\/image\/"}}]}},"_links":{"self":[{"href":"https:\/\/les-bassans.com\/es\/wp-json\/wp\/v2\/arts_portfolio_item\/26936","targetHints":{"allow":["GET"]}}],"collection":[{"href":"https:\/\/les-bassans.com\/es\/wp-json\/wp\/v2\/arts_portfolio_item"}],"about":[{"href":"https:\/\/les-bassans.com\/es\/wp-json\/wp\/v2\/types\/arts_portfolio_item"}],"version-history":[{"count":114,"href":"https:\/\/les-bassans.com\/es\/wp-json\/wp\/v2\/arts_portfolio_item\/26936\/revisions"}],"predecessor-version":[{"id":29780,"href":"https:\/\/les-bassans.com\/es\/wp-json\/wp\/v2\/arts_portfolio_item\/26936\/revisions\/29780"}],"wp:attachment":[{"href":"https:\/\/les-bassans.com\/es\/wp-json\/wp\/v2\/media?parent=26936"}],"curies":[{"name":"wp","href":"https:\/\/api.w.org\/{rel}","templated":true}]}}

Habitación Signature

<!-- This site is optimized with the Yoast SEO plugin v27.5 - https://yoast.com/product/yoast-seo-wordpress/ -->
<title>Chambre Signature &#8226; Les Bassans</title>
<meta name="robots" content="index, follow, max-snippet:-1, max-image-preview:large, max-video-preview:-1" />
<link rel="canonical" href="https://les-bassans.com/es/portafolio/cabina-4-suite-con-vista-al-mar/" />
<meta property="og:locale" content="es_ES" />
<meta property="og:type" content="article" />
<meta property="og:title" content="Chambre Signature &#8226; Les Bassans" />
<meta property="og:description" content="Chambre Signature La Cabine n°4 29m2 Vue mer 2 adultes Embarquez à bord de la Cabine n°4, Chambre Signature de l’esprit des Bassans.Comme suspendu au-dessus des flots, vous contemplez une mer écumante aux mille nuances de bleu, tandis que la lumière changeante vous enveloppe et vous hypnotise.Entourée de vastes baies vitrées, cette chambre exclusive baigne [&hellip;]" />
<meta property="og:url" content="https://les-bassans.com/es/portafolio/cabina-4-suite-con-vista-al-mar/" />
<meta property="og:site_name" content="Les Bassans" />
<meta property="article:modified_time" content="2026-01-15T10:49:32+00:00" />
<meta property="og:image" content="https://les-bassans.com/wp-content/uploads/2025/11/hotel-les-bassans-fontenille-perros-guirec-bretagne-chambre-lit-vue-mer-min-1024x1024.webp" />
<meta name="twitter:card" content="summary_large_image" />
<meta name="twitter:label1" content="Tiempo de lectura" />
	<meta name="twitter:data1" content="8 minutos" />
<script type="application/ld+json" class="yoast-schema-graph">{"@context":"https:\/\/schema.org","@graph":[{"@type":"WebPage","@id":"https:\/\/les-bassans.com\/portfolio\/cabine-4-chambre-signature-vue-mer\/","url":"https:\/\/les-bassans.com\/portfolio\/cabine-4-chambre-signature-vue-mer\/","name":"Chambre Signature &#8226; Les Bassans","isPartOf":{"@id":"https:\/\/les-bassans.com\/#website"},"primaryImageOfPage":{"@id":"https:\/\/les-bassans.com\/portfolio\/cabine-4-chambre-signature-vue-mer\/#primaryimage"},"image":{"@id":"https:\/\/les-bassans.com\/portfolio\/cabine-4-chambre-signature-vue-mer\/#primaryimage"},"thumbnailUrl":"https:\/\/les-bassans.com\/wp-content\/uploads\/2025\/11\/hotel-les-bassans-fontenille-perros-guirec-bretagne-chambre-lit-vue-mer-min-1024x1024.webp","datePublished":"2025-04-01T09:03:03+00:00","dateModified":"2026-01-15T10:49:32+00:00","breadcrumb":{"@id":"https:\/\/les-bassans.com\/portfolio\/cabine-4-chambre-signature-vue-mer\/#breadcrumb"},"inLanguage":"es","potentialAction":[{"@type":"ReadAction","target":["https:\/\/les-bassans.com\/portfolio\/cabine-4-chambre-signature-vue-mer\/"]}]},{"@type":"ImageObject","inLanguage":"es","@id":"https:\/\/les-bassans.com\/portfolio\/cabine-4-chambre-signature-vue-mer\/#primaryimage","url":"https:\/\/les-bassans.com\/wp-content\/uploads\/2025\/11\/hotel-les-bassans-fontenille-perros-guirec-bretagne-chambre-lit-vue-mer-min-1024x1024.webp","contentUrl":"https:\/\/les-bassans.com\/wp-content\/uploads\/2025\/11\/hotel-les-bassans-fontenille-perros-guirec-bretagne-chambre-lit-vue-mer-min-1024x1024.webp"},{"@type":"BreadcrumbList","@id":"https:\/\/les-bassans.com\/portfolio\/cabine-4-chambre-signature-vue-mer\/#breadcrumb","itemListElement":[{"@type":"ListItem","position":1,"name":"Accueil","item":"https:\/\/les-bassans.com\/"},{"@type":"ListItem","position":2,"name":"Chambre Signature"}]},{"@type":"WebSite","@id":"https:\/\/les-bassans.com\/#website","url":"https:\/\/les-bassans.com\/","name":"Les Bassans","description":"Hôtel Spa à Perros-Guirec et Restaurant vue mer","publisher":{"@id":"https:\/\/les-bassans.com\/#organization"},"potentialAction":[{"@type":"SearchAction","target":{"@type":"EntryPoint","urlTemplate":"https:\/\/les-bassans.com\/?s={search_term_string}"},"query-input":{"@type":"PropertyValueSpecification","valueRequired":true,"valueName":"search_term_string"}}],"inLanguage":"es"},{"@type":"Organization","@id":"https:\/\/les-bassans.com\/#organization","name":"Les Bassans","alternateName":"Bassans","url":"https:\/\/les-bassans.com\/","logo":{"@type":"ImageObject","inLanguage":"es","@id":"https:\/\/les-bassans.com\/#\/schema\/logo\/image\/","url":"https:\/\/les-bassans.com\/wp-content\/uploads\/2023\/05\/LesBassans-Logo-Simple.png","contentUrl":"https:\/\/les-bassans.com\/wp-content\/uploads\/2023\/05\/LesBassans-Logo-Simple.png","width":850,"height":253,"caption":"Les Bassans"},"image":{"@id":"https:\/\/les-bassans.com\/#\/schema\/logo\/image\/"}}]}</script>
<!-- / Yoast SEO plugin. -->

Habitación Signature • Les Bassans

Chambre Signature La Cabine n°4 29m2 Vue mer 2 adultes Embarquez à bord de la Cabine n°4, Chambre Signature de l’esprit des Bassans.Comme suspendu au-dessus des flots, vous contemplez une mer écumante aux mille nuances de bleu, tandis que la lumière changeante vous enveloppe et vous hypnotise.Entourée de vastes baies vitrées, cette chambre exclusive baigne [&hellip;]
