{"id":26938,"date":"2025-04-01T09:02:08","date_gmt":"2025-04-01T09:02:08","guid":{"rendered":"https:\/\/les-bassans.com\/?post_type=arts_portfolio_item&#038;p=26938"},"modified":"2026-01-15T10:50:55","modified_gmt":"2026-01-15T10:50:55","slug":"suite","status":"publish","type":"arts_portfolio_item","link":"https:\/\/les-bassans.com\/de\/portfolio\/suite\/","title":{"rendered":"Suite"},"featured_media":0,"template":"","class_list":["post-26938","arts_portfolio_item","type-arts_portfolio_item","status-publish","hentry"],"acf":[],"yoast_head":"<!-- This site is optimized with the Yoast SEO plugin v27.5 - https:\/\/yoast.com\/product\/yoast-seo-wordpress\/ -->\n<title>Suite &#8226; Les Bassans<\/title>\n<meta name=\"robots\" content=\"index, follow, max-snippet:-1, max-image-preview:large, max-video-preview:-1\" \/>\n<link rel=\"canonical\" href=\"https:\/\/les-bassans.com\/de\/portfolio\/suite\/\" \/>\n<meta property=\"og:locale\" content=\"de_DE\" \/>\n<meta property=\"og:type\" content=\"article\" \/>\n<meta property=\"og:title\" content=\"Suite &#8226; Les Bassans\" \/>\n<meta property=\"og:description\" content=\"Suite 34m2 Vue mer 2 adultes, 1 enfant et 1 b\u00e9b\u00e9 Salon ind\u00e9pendant Nich\u00e9e sous les toits Acc\u00e8s secret depuis le petit escalier du 2\u00e8me \u00e9tage L\u2019unique Suite des Bassans est un \u00e9crin atypique nich\u00e9 sous les toits de la Maison. Con\u00e7ue en longueur, mansard\u00e9e et ponctu\u00e9e de fen\u00eatres, tels des hublots de bateau, elle [&hellip;]\" \/>\n<meta property=\"og:url\" content=\"https:\/\/les-bassans.com\/de\/portfolio\/suite\/\" \/>\n<meta property=\"og:site_name\" content=\"Les Bassans\" \/>\n<meta property=\"article:modified_time\" content=\"2026-01-15T10:50:55+00:00\" \/>\n<meta property=\"og:image\" content=\"https:\/\/les-bassans.com\/wp-content\/uploads\/2025\/06\/chambre-blanche-avec-velux-vue-mer-perros-guirec-bretagne-les-bassans-hotel-fontenille-1024x1024.jpg\" \/>\n<meta name=\"twitter:card\" content=\"summary_large_image\" \/>\n<meta name=\"twitter:label1\" content=\"Gesch\u00e4tzte Lesezeit\" \/>\n\t<meta name=\"twitter:data1\" content=\"7\u00a0Minuten\" \/>\n<script type=\"application\/ld+json\" class=\"yoast-schema-graph\">{\"@context\":\"https:\\\/\\\/schema.org\",\"@graph\":[{\"@type\":\"WebPage\",\"@id\":\"https:\\\/\\\/les-bassans.com\\\/portfolio\\\/suite\\\/\",\"url\":\"https:\\\/\\\/les-bassans.com\\\/portfolio\\\/suite\\\/\",\"name\":\"Suite &#8226; Les Bassans\",\"isPartOf\":{\"@id\":\"https:\\\/\\\/les-bassans.com\\\/#website\"},\"primaryImageOfPage\":{\"@id\":\"https:\\\/\\\/les-bassans.com\\\/portfolio\\\/suite\\\/#primaryimage\"},\"image\":{\"@id\":\"https:\\\/\\\/les-bassans.com\\\/portfolio\\\/suite\\\/#primaryimage\"},\"thumbnailUrl\":\"https:\\\/\\\/les-bassans.com\\\/wp-content\\\/uploads\\\/2025\\\/06\\\/chambre-blanche-avec-velux-vue-mer-perros-guirec-bretagne-les-bassans-hotel-fontenille-1024x1024.jpg\",\"datePublished\":\"2025-04-01T09:02:08+00:00\",\"dateModified\":\"2026-01-15T10:50:55+00:00\",\"breadcrumb\":{\"@id\":\"https:\\\/\\\/les-bassans.com\\\/portfolio\\\/suite\\\/#breadcrumb\"},\"inLanguage\":\"de\",\"potentialAction\":[{\"@type\":\"ReadAction\",\"target\":[\"https:\\\/\\\/les-bassans.com\\\/portfolio\\\/suite\\\/\"]}]},{\"@type\":\"ImageObject\",\"inLanguage\":\"de\",\"@id\":\"https:\\\/\\\/les-bassans.com\\\/portfolio\\\/suite\\\/#primaryimage\",\"url\":\"https:\\\/\\\/les-bassans.com\\\/wp-content\\\/uploads\\\/2025\\\/06\\\/chambre-blanche-avec-velux-vue-mer-perros-guirec-bretagne-les-bassans-hotel-fontenille-1024x1024.jpg\",\"contentUrl\":\"https:\\\/\\\/les-bassans.com\\\/wp-content\\\/uploads\\\/2025\\\/06\\\/chambre-blanche-avec-velux-vue-mer-perros-guirec-bretagne-les-bassans-hotel-fontenille-1024x1024.jpg\"},{\"@type\":\"BreadcrumbList\",\"@id\":\"https:\\\/\\\/les-bassans.com\\\/portfolio\\\/suite\\\/#breadcrumb\",\"itemListElement\":[{\"@type\":\"ListItem\",\"position\":1,\"name\":\"Accueil\",\"item\":\"https:\\\/\\\/les-bassans.com\\\/\"},{\"@type\":\"ListItem\",\"position\":2,\"name\":\"Suite\"}]},{\"@type\":\"WebSite\",\"@id\":\"https:\\\/\\\/les-bassans.com\\\/#website\",\"url\":\"https:\\\/\\\/les-bassans.com\\\/\",\"name\":\"Les Bassans\",\"description\":\"H\u00f4tel Spa \u00e0 Perros-Guirec et Restaurant vue mer\",\"publisher\":{\"@id\":\"https:\\\/\\\/les-bassans.com\\\/#organization\"},\"potentialAction\":[{\"@type\":\"SearchAction\",\"target\":{\"@type\":\"EntryPoint\",\"urlTemplate\":\"https:\\\/\\\/les-bassans.com\\\/?s={search_term_string}\"},\"query-input\":{\"@type\":\"PropertyValueSpecification\",\"valueRequired\":true,\"valueName\":\"search_term_string\"}}],\"inLanguage\":\"de\"},{\"@type\":\"Organization\",\"@id\":\"https:\\\/\\\/les-bassans.com\\\/#organization\",\"name\":\"Les Bassans\",\"alternateName\":\"Bassans\",\"url\":\"https:\\\/\\\/les-bassans.com\\\/\",\"logo\":{\"@type\":\"ImageObject\",\"inLanguage\":\"de\",\"@id\":\"https:\\\/\\\/les-bassans.com\\\/#\\\/schema\\\/logo\\\/image\\\/\",\"url\":\"https:\\\/\\\/les-bassans.com\\\/wp-content\\\/uploads\\\/2023\\\/05\\\/LesBassans-Logo-Simple.png\",\"contentUrl\":\"https:\\\/\\\/les-bassans.com\\\/wp-content\\\/uploads\\\/2023\\\/05\\\/LesBassans-Logo-Simple.png\",\"width\":850,\"height\":253,\"caption\":\"Les Bassans\"},\"image\":{\"@id\":\"https:\\\/\\\/les-bassans.com\\\/#\\\/schema\\\/logo\\\/image\\\/\"}}]}<\/script>\n<!-- \/ Yoast SEO plugin. -->","yoast_head_json":{"title":"Suite - Les Bassans","robots":{"index":"index","follow":"follow","max-snippet":"max-snippet:-1","max-image-preview":"max-image-preview:large","max-video-preview":"max-video-preview:-1"},"canonical":"https:\/\/les-bassans.com\/de\/portfolio\/suite\/","og_locale":"de_DE","og_type":"article","og_title":"Suite &#8226; Les Bassans","og_description":"Suite 34m2 Vue mer 2 adultes, 1 enfant et 1 b\u00e9b\u00e9 Salon ind\u00e9pendant Nich\u00e9e sous les toits Acc\u00e8s secret depuis le petit escalier du 2\u00e8me \u00e9tage L\u2019unique Suite des Bassans est un \u00e9crin atypique nich\u00e9 sous les toits de la Maison. Con\u00e7ue en longueur, mansard\u00e9e et ponctu\u00e9e de fen\u00eatres, tels des hublots de bateau, elle [&hellip;]","og_url":"https:\/\/les-bassans.com\/de\/portfolio\/suite\/","og_site_name":"Les Bassans","article_modified_time":"2026-01-15T10:50:55+00:00","og_image":[{"url":"https:\/\/les-bassans.com\/wp-content\/uploads\/2025\/06\/chambre-blanche-avec-velux-vue-mer-perros-guirec-bretagne-les-bassans-hotel-fontenille-1024x1024.jpg","type":"","width":"","height":""}],"twitter_card":"summary_large_image","twitter_misc":{"Gesch\u00e4tzte Lesezeit":"7\u00a0Minuten"},"schema":{"@context":"https:\/\/schema.org","@graph":[{"@type":"WebPage","@id":"https:\/\/les-bassans.com\/portfolio\/suite\/","url":"https:\/\/les-bassans.com\/portfolio\/suite\/","name":"Suite - Les Bassans","isPartOf":{"@id":"https:\/\/les-bassans.com\/#website"},"primaryImageOfPage":{"@id":"https:\/\/les-bassans.com\/portfolio\/suite\/#primaryimage"},"image":{"@id":"https:\/\/les-bassans.com\/portfolio\/suite\/#primaryimage"},"thumbnailUrl":"https:\/\/les-bassans.com\/wp-content\/uploads\/2025\/06\/chambre-blanche-avec-velux-vue-mer-perros-guirec-bretagne-les-bassans-hotel-fontenille-1024x1024.jpg","datePublished":"2025-04-01T09:02:08+00:00","dateModified":"2026-01-15T10:50:55+00:00","breadcrumb":{"@id":"https:\/\/les-bassans.com\/portfolio\/suite\/#breadcrumb"},"inLanguage":"de","potentialAction":[{"@type":"ReadAction","target":["https:\/\/les-bassans.com\/portfolio\/suite\/"]}]},{"@type":"ImageObject","inLanguage":"de","@id":"https:\/\/les-bassans.com\/portfolio\/suite\/#primaryimage","url":"https:\/\/les-bassans.com\/wp-content\/uploads\/2025\/06\/chambre-blanche-avec-velux-vue-mer-perros-guirec-bretagne-les-bassans-hotel-fontenille-1024x1024.jpg","contentUrl":"https:\/\/les-bassans.com\/wp-content\/uploads\/2025\/06\/chambre-blanche-avec-velux-vue-mer-perros-guirec-bretagne-les-bassans-hotel-fontenille-1024x1024.jpg"},{"@type":"BreadcrumbList","@id":"https:\/\/les-bassans.com\/portfolio\/suite\/#breadcrumb","itemListElement":[{"@type":"ListItem","position":1,"name":"Accueil","item":"https:\/\/les-bassans.com\/"},{"@type":"ListItem","position":2,"name":"Suite"}]},{"@type":"WebSite","@id":"https:\/\/les-bassans.com\/#website","url":"https:\/\/les-bassans.com\/","name":"Die Bassans","description":"Spa-Hotel in Perros-Guirec und Restaurant mit Meerblick","publisher":{"@id":"https:\/\/les-bassans.com\/#organization"},"potentialAction":[{"@type":"SearchAction","target":{"@type":"EntryPoint","urlTemplate":"https:\/\/les-bassans.com\/?s={search_term_string}"},"query-input":{"@type":"PropertyValueSpecification","valueRequired":true,"valueName":"search_term_string"}}],"inLanguage":"de"},{"@type":"Organization","@id":"https:\/\/les-bassans.com\/#organization","name":"Die Bassans","alternateName":"Bassans","url":"https:\/\/les-bassans.com\/","logo":{"@type":"ImageObject","inLanguage":"de","@id":"https:\/\/les-bassans.com\/#\/schema\/logo\/image\/","url":"https:\/\/les-bassans.com\/wp-content\/uploads\/2023\/05\/LesBassans-Logo-Simple.png","contentUrl":"https:\/\/les-bassans.com\/wp-content\/uploads\/2023\/05\/LesBassans-Logo-Simple.png","width":850,"height":253,"caption":"Les Bassans"},"image":{"@id":"https:\/\/les-bassans.com\/#\/schema\/logo\/image\/"}}]}},"_links":{"self":[{"href":"https:\/\/les-bassans.com\/de\/wp-json\/wp\/v2\/arts_portfolio_item\/26938","targetHints":{"allow":["GET"]}}],"collection":[{"href":"https:\/\/les-bassans.com\/de\/wp-json\/wp\/v2\/arts_portfolio_item"}],"about":[{"href":"https:\/\/les-bassans.com\/de\/wp-json\/wp\/v2\/types\/arts_portfolio_item"}],"version-history":[{"count":65,"href":"https:\/\/les-bassans.com\/de\/wp-json\/wp\/v2\/arts_portfolio_item\/26938\/revisions"}],"predecessor-version":[{"id":29783,"href":"https:\/\/les-bassans.com\/de\/wp-json\/wp\/v2\/arts_portfolio_item\/26938\/revisions\/29783"}],"wp:attachment":[{"href":"https:\/\/les-bassans.com\/de\/wp-json\/wp\/v2\/media?parent=26938"}],"curies":[{"name":"wp","href":"https:\/\/api.w.org\/{rel}","templated":true}]}}

<!-- This site is optimized with the Yoast SEO plugin v27.5 - https://yoast.com/product/yoast-seo-wordpress/ -->
<title>Suite &#8226; Les Bassans</title>
<meta name="robots" content="index, follow, max-snippet:-1, max-image-preview:large, max-video-preview:-1" />
<link rel="canonical" href="https://les-bassans.com/de/portfolio/suite/" />
<meta property="og:locale" content="de_DE" />
<meta property="og:type" content="article" />
<meta property="og:title" content="Suite &#8226; Les Bassans" />
<meta property="og:description" content="Suite 34m2 Vue mer 2 adultes, 1 enfant et 1 bébé Salon indépendant Nichée sous les toits Accès secret depuis le petit escalier du 2ème étage L’unique Suite des Bassans est un écrin atypique niché sous les toits de la Maison. Conçue en longueur, mansardée et ponctuée de fenêtres, tels des hublots de bateau, elle [&hellip;]" />
<meta property="og:url" content="https://les-bassans.com/de/portfolio/suite/" />
<meta property="og:site_name" content="Les Bassans" />
<meta property="article:modified_time" content="2026-01-15T10:50:55+00:00" />
<meta property="og:image" content="https://les-bassans.com/wp-content/uploads/2025/06/chambre-blanche-avec-velux-vue-mer-perros-guirec-bretagne-les-bassans-hotel-fontenille-1024x1024.jpg" />
<meta name="twitter:card" content="summary_large_image" />
<meta name="twitter:label1" content="Geschätzte Lesezeit" />
	<meta name="twitter:data1" content="7 Minuten" />
<script type="application/ld+json" class="yoast-schema-graph">{"@context":"https:\/\/schema.org","@graph":[{"@type":"WebPage","@id":"https:\/\/les-bassans.com\/portfolio\/suite\/","url":"https:\/\/les-bassans.com\/portfolio\/suite\/","name":"Suite &#8226; Les Bassans","isPartOf":{"@id":"https:\/\/les-bassans.com\/#website"},"primaryImageOfPage":{"@id":"https:\/\/les-bassans.com\/portfolio\/suite\/#primaryimage"},"image":{"@id":"https:\/\/les-bassans.com\/portfolio\/suite\/#primaryimage"},"thumbnailUrl":"https:\/\/les-bassans.com\/wp-content\/uploads\/2025\/06\/chambre-blanche-avec-velux-vue-mer-perros-guirec-bretagne-les-bassans-hotel-fontenille-1024x1024.jpg","datePublished":"2025-04-01T09:02:08+00:00","dateModified":"2026-01-15T10:50:55+00:00","breadcrumb":{"@id":"https:\/\/les-bassans.com\/portfolio\/suite\/#breadcrumb"},"inLanguage":"de","potentialAction":[{"@type":"ReadAction","target":["https:\/\/les-bassans.com\/portfolio\/suite\/"]}]},{"@type":"ImageObject","inLanguage":"de","@id":"https:\/\/les-bassans.com\/portfolio\/suite\/#primaryimage","url":"https:\/\/les-bassans.com\/wp-content\/uploads\/2025\/06\/chambre-blanche-avec-velux-vue-mer-perros-guirec-bretagne-les-bassans-hotel-fontenille-1024x1024.jpg","contentUrl":"https:\/\/les-bassans.com\/wp-content\/uploads\/2025\/06\/chambre-blanche-avec-velux-vue-mer-perros-guirec-bretagne-les-bassans-hotel-fontenille-1024x1024.jpg"},{"@type":"BreadcrumbList","@id":"https:\/\/les-bassans.com\/portfolio\/suite\/#breadcrumb","itemListElement":[{"@type":"ListItem","position":1,"name":"Accueil","item":"https:\/\/les-bassans.com\/"},{"@type":"ListItem","position":2,"name":"Suite"}]},{"@type":"WebSite","@id":"https:\/\/les-bassans.com\/#website","url":"https:\/\/les-bassans.com\/","name":"Les Bassans","description":"Hôtel Spa à Perros-Guirec et Restaurant vue mer","publisher":{"@id":"https:\/\/les-bassans.com\/#organization"},"potentialAction":[{"@type":"SearchAction","target":{"@type":"EntryPoint","urlTemplate":"https:\/\/les-bassans.com\/?s={search_term_string}"},"query-input":{"@type":"PropertyValueSpecification","valueRequired":true,"valueName":"search_term_string"}}],"inLanguage":"de"},{"@type":"Organization","@id":"https:\/\/les-bassans.com\/#organization","name":"Les Bassans","alternateName":"Bassans","url":"https:\/\/les-bassans.com\/","logo":{"@type":"ImageObject","inLanguage":"de","@id":"https:\/\/les-bassans.com\/#\/schema\/logo\/image\/","url":"https:\/\/les-bassans.com\/wp-content\/uploads\/2023\/05\/LesBassans-Logo-Simple.png","contentUrl":"https:\/\/les-bassans.com\/wp-content\/uploads\/2023\/05\/LesBassans-Logo-Simple.png","width":850,"height":253,"caption":"Les Bassans"},"image":{"@id":"https:\/\/les-bassans.com\/#\/schema\/logo\/image\/"}}]}</script>
<!-- / Yoast SEO plugin. -->

Suite 34m2 Vue mer 2 adultes, 1 enfant et 1 bébé Salon indépendant Nichée sous les toits Accès secret depuis le petit escalier du 2ème étage L’unique Suite des Bassans est un écrin atypique niché sous les toits de la Maison. Conçue en longueur, mansardée et ponctuée de fenêtres, tels des hublots de bateau, elle [&hellip;]
