{"id":26934,"date":"2025-04-01T09:03:58","date_gmt":"2025-04-01T09:03:58","guid":{"rendered":"https:\/\/les-bassans.com\/?post_type=arts_portfolio_item&#038;p=26934"},"modified":"2026-01-15T10:43:27","modified_gmt":"2026-01-15T10:43:27","slug":"deluxe-balkon-meerblick","status":"publish","type":"arts_portfolio_item","link":"https:\/\/les-bassans.com\/de\/portfolio\/deluxe-balkon-meerblick\/","title":{"rendered":"Deluxe Balkon"},"featured_media":0,"template":"","class_list":["post-26934","arts_portfolio_item","type-arts_portfolio_item","status-publish","hentry"],"acf":[],"yoast_head":"<!-- This site is optimized with the Yoast SEO plugin v27.5 - https:\/\/yoast.com\/product\/yoast-seo-wordpress\/ -->\n<title>Deluxe Balcon &#8226; Les Bassans<\/title>\n<meta name=\"robots\" content=\"index, follow, max-snippet:-1, max-image-preview:large, max-video-preview:-1\" \/>\n<link rel=\"canonical\" href=\"https:\/\/les-bassans.com\/de\/portfolio\/deluxe-balkon-meerblick\/\" \/>\n<meta property=\"og:locale\" content=\"de_DE\" \/>\n<meta property=\"og:type\" content=\"article\" \/>\n<meta property=\"og:title\" content=\"Deluxe Balcon &#8226; Les Bassans\" \/>\n<meta property=\"og:description\" content=\"Chambre Deluxe Balcon Entre 18m2 et 22m2 Vue mer avec balcon ou terrasse 2 adultes &amp; 1 b\u00e9b\u00e9 Nos Chambres Deluxe avec Balcon s\u2019ouvrent sur un tableau de d\u00e9grad\u00e9s de turquoise, de bleu profond et de vert c\u00e9ladon. Sur vos chiliennes, vous vous sentez comme sur le ponton d\u2019un bateau, avec en arri\u00e8re-fond le bruit [&hellip;]\" \/>\n<meta property=\"og:url\" content=\"https:\/\/les-bassans.com\/de\/portfolio\/deluxe-balkon-meerblick\/\" \/>\n<meta property=\"og:site_name\" content=\"Les Bassans\" \/>\n<meta property=\"article:modified_time\" content=\"2026-01-15T10:43:27+00:00\" \/>\n<meta property=\"og:image\" content=\"https:\/\/les-bassans.com\/wp-content\/uploads\/2025\/06\/chambre-vue-mer-lit-confort-hotel-les-bassans-fontenille-bretagne-perros-guirec-1024x1024.jpg\" \/>\n<meta name=\"twitter:card\" content=\"summary_large_image\" \/>\n<meta name=\"twitter:label1\" content=\"Gesch\u00e4tzte Lesezeit\" \/>\n\t<meta name=\"twitter:data1\" content=\"7\u00a0Minuten\" \/>\n<script type=\"application\/ld+json\" class=\"yoast-schema-graph\">{\"@context\":\"https:\\\/\\\/schema.org\",\"@graph\":[{\"@type\":\"WebPage\",\"@id\":\"https:\\\/\\\/les-bassans.com\\\/portfolio\\\/deluxe-balcon-vue-mer\\\/\",\"url\":\"https:\\\/\\\/les-bassans.com\\\/portfolio\\\/deluxe-balcon-vue-mer\\\/\",\"name\":\"Deluxe Balcon &#8226; Les Bassans\",\"isPartOf\":{\"@id\":\"https:\\\/\\\/les-bassans.com\\\/#website\"},\"primaryImageOfPage\":{\"@id\":\"https:\\\/\\\/les-bassans.com\\\/portfolio\\\/deluxe-balcon-vue-mer\\\/#primaryimage\"},\"image\":{\"@id\":\"https:\\\/\\\/les-bassans.com\\\/portfolio\\\/deluxe-balcon-vue-mer\\\/#primaryimage\"},\"thumbnailUrl\":\"https:\\\/\\\/les-bassans.com\\\/wp-content\\\/uploads\\\/2025\\\/06\\\/chambre-vue-mer-lit-confort-hotel-les-bassans-fontenille-bretagne-perros-guirec-1024x1024.jpg\",\"datePublished\":\"2025-04-01T09:03:58+00:00\",\"dateModified\":\"2026-01-15T10:43:27+00:00\",\"breadcrumb\":{\"@id\":\"https:\\\/\\\/les-bassans.com\\\/portfolio\\\/deluxe-balcon-vue-mer\\\/#breadcrumb\"},\"inLanguage\":\"de\",\"potentialAction\":[{\"@type\":\"ReadAction\",\"target\":[\"https:\\\/\\\/les-bassans.com\\\/portfolio\\\/deluxe-balcon-vue-mer\\\/\"]}]},{\"@type\":\"ImageObject\",\"inLanguage\":\"de\",\"@id\":\"https:\\\/\\\/les-bassans.com\\\/portfolio\\\/deluxe-balcon-vue-mer\\\/#primaryimage\",\"url\":\"https:\\\/\\\/les-bassans.com\\\/wp-content\\\/uploads\\\/2025\\\/06\\\/chambre-vue-mer-lit-confort-hotel-les-bassans-fontenille-bretagne-perros-guirec-1024x1024.jpg\",\"contentUrl\":\"https:\\\/\\\/les-bassans.com\\\/wp-content\\\/uploads\\\/2025\\\/06\\\/chambre-vue-mer-lit-confort-hotel-les-bassans-fontenille-bretagne-perros-guirec-1024x1024.jpg\"},{\"@type\":\"BreadcrumbList\",\"@id\":\"https:\\\/\\\/les-bassans.com\\\/portfolio\\\/deluxe-balcon-vue-mer\\\/#breadcrumb\",\"itemListElement\":[{\"@type\":\"ListItem\",\"position\":1,\"name\":\"Accueil\",\"item\":\"https:\\\/\\\/les-bassans.com\\\/\"},{\"@type\":\"ListItem\",\"position\":2,\"name\":\"Deluxe Balcon\"}]},{\"@type\":\"WebSite\",\"@id\":\"https:\\\/\\\/les-bassans.com\\\/#website\",\"url\":\"https:\\\/\\\/les-bassans.com\\\/\",\"name\":\"Les Bassans\",\"description\":\"H\u00f4tel Spa \u00e0 Perros-Guirec et Restaurant vue mer\",\"publisher\":{\"@id\":\"https:\\\/\\\/les-bassans.com\\\/#organization\"},\"potentialAction\":[{\"@type\":\"SearchAction\",\"target\":{\"@type\":\"EntryPoint\",\"urlTemplate\":\"https:\\\/\\\/les-bassans.com\\\/?s={search_term_string}\"},\"query-input\":{\"@type\":\"PropertyValueSpecification\",\"valueRequired\":true,\"valueName\":\"search_term_string\"}}],\"inLanguage\":\"de\"},{\"@type\":\"Organization\",\"@id\":\"https:\\\/\\\/les-bassans.com\\\/#organization\",\"name\":\"Les Bassans\",\"alternateName\":\"Bassans\",\"url\":\"https:\\\/\\\/les-bassans.com\\\/\",\"logo\":{\"@type\":\"ImageObject\",\"inLanguage\":\"de\",\"@id\":\"https:\\\/\\\/les-bassans.com\\\/#\\\/schema\\\/logo\\\/image\\\/\",\"url\":\"https:\\\/\\\/les-bassans.com\\\/wp-content\\\/uploads\\\/2023\\\/05\\\/LesBassans-Logo-Simple.png\",\"contentUrl\":\"https:\\\/\\\/les-bassans.com\\\/wp-content\\\/uploads\\\/2023\\\/05\\\/LesBassans-Logo-Simple.png\",\"width\":850,\"height\":253,\"caption\":\"Les Bassans\"},\"image\":{\"@id\":\"https:\\\/\\\/les-bassans.com\\\/#\\\/schema\\\/logo\\\/image\\\/\"}}]}<\/script>\n<!-- \/ Yoast SEO plugin. -->","yoast_head_json":{"title":"Deluxe Balkon \u2022 Les Bassans","robots":{"index":"index","follow":"follow","max-snippet":"max-snippet:-1","max-image-preview":"max-image-preview:large","max-video-preview":"max-video-preview:-1"},"canonical":"https:\/\/les-bassans.com\/de\/portfolio\/deluxe-balkon-meerblick\/","og_locale":"de_DE","og_type":"article","og_title":"Deluxe Balcon &#8226; Les Bassans","og_description":"Chambre Deluxe Balcon Entre 18m2 et 22m2 Vue mer avec balcon ou terrasse 2 adultes &amp; 1 b\u00e9b\u00e9 Nos Chambres Deluxe avec Balcon s\u2019ouvrent sur un tableau de d\u00e9grad\u00e9s de turquoise, de bleu profond et de vert c\u00e9ladon. Sur vos chiliennes, vous vous sentez comme sur le ponton d\u2019un bateau, avec en arri\u00e8re-fond le bruit [&hellip;]","og_url":"https:\/\/les-bassans.com\/de\/portfolio\/deluxe-balkon-meerblick\/","og_site_name":"Les Bassans","article_modified_time":"2026-01-15T10:43:27+00:00","og_image":[{"url":"https:\/\/les-bassans.com\/wp-content\/uploads\/2025\/06\/chambre-vue-mer-lit-confort-hotel-les-bassans-fontenille-bretagne-perros-guirec-1024x1024.jpg","type":"","width":"","height":""}],"twitter_card":"summary_large_image","twitter_misc":{"Gesch\u00e4tzte Lesezeit":"7\u00a0Minuten"},"schema":{"@context":"https:\/\/schema.org","@graph":[{"@type":"WebPage","@id":"https:\/\/les-bassans.com\/portfolio\/deluxe-balcon-vue-mer\/","url":"https:\/\/les-bassans.com\/portfolio\/deluxe-balcon-vue-mer\/","name":"Deluxe Balkon \u2022 Les Bassans","isPartOf":{"@id":"https:\/\/les-bassans.com\/#website"},"primaryImageOfPage":{"@id":"https:\/\/les-bassans.com\/portfolio\/deluxe-balcon-vue-mer\/#primaryimage"},"image":{"@id":"https:\/\/les-bassans.com\/portfolio\/deluxe-balcon-vue-mer\/#primaryimage"},"thumbnailUrl":"https:\/\/les-bassans.com\/wp-content\/uploads\/2025\/06\/chambre-vue-mer-lit-confort-hotel-les-bassans-fontenille-bretagne-perros-guirec-1024x1024.jpg","datePublished":"2025-04-01T09:03:58+00:00","dateModified":"2026-01-15T10:43:27+00:00","breadcrumb":{"@id":"https:\/\/les-bassans.com\/portfolio\/deluxe-balcon-vue-mer\/#breadcrumb"},"inLanguage":"de","potentialAction":[{"@type":"ReadAction","target":["https:\/\/les-bassans.com\/portfolio\/deluxe-balcon-vue-mer\/"]}]},{"@type":"ImageObject","inLanguage":"de","@id":"https:\/\/les-bassans.com\/portfolio\/deluxe-balcon-vue-mer\/#primaryimage","url":"https:\/\/les-bassans.com\/wp-content\/uploads\/2025\/06\/chambre-vue-mer-lit-confort-hotel-les-bassans-fontenille-bretagne-perros-guirec-1024x1024.jpg","contentUrl":"https:\/\/les-bassans.com\/wp-content\/uploads\/2025\/06\/chambre-vue-mer-lit-confort-hotel-les-bassans-fontenille-bretagne-perros-guirec-1024x1024.jpg"},{"@type":"BreadcrumbList","@id":"https:\/\/les-bassans.com\/portfolio\/deluxe-balcon-vue-mer\/#breadcrumb","itemListElement":[{"@type":"ListItem","position":1,"name":"Accueil","item":"https:\/\/les-bassans.com\/"},{"@type":"ListItem","position":2,"name":"Deluxe Balcon"}]},{"@type":"WebSite","@id":"https:\/\/les-bassans.com\/#website","url":"https:\/\/les-bassans.com\/","name":"Die Bassans","description":"Spa-Hotel in Perros-Guirec und Restaurant mit Meerblick","publisher":{"@id":"https:\/\/les-bassans.com\/#organization"},"potentialAction":[{"@type":"SearchAction","target":{"@type":"EntryPoint","urlTemplate":"https:\/\/les-bassans.com\/?s={search_term_string}"},"query-input":{"@type":"PropertyValueSpecification","valueRequired":true,"valueName":"search_term_string"}}],"inLanguage":"de"},{"@type":"Organization","@id":"https:\/\/les-bassans.com\/#organization","name":"Die Bassans","alternateName":"Bassans","url":"https:\/\/les-bassans.com\/","logo":{"@type":"ImageObject","inLanguage":"de","@id":"https:\/\/les-bassans.com\/#\/schema\/logo\/image\/","url":"https:\/\/les-bassans.com\/wp-content\/uploads\/2023\/05\/LesBassans-Logo-Simple.png","contentUrl":"https:\/\/les-bassans.com\/wp-content\/uploads\/2023\/05\/LesBassans-Logo-Simple.png","width":850,"height":253,"caption":"Les Bassans"},"image":{"@id":"https:\/\/les-bassans.com\/#\/schema\/logo\/image\/"}}]}},"_links":{"self":[{"href":"https:\/\/les-bassans.com\/de\/wp-json\/wp\/v2\/arts_portfolio_item\/26934","targetHints":{"allow":["GET"]}}],"collection":[{"href":"https:\/\/les-bassans.com\/de\/wp-json\/wp\/v2\/arts_portfolio_item"}],"about":[{"href":"https:\/\/les-bassans.com\/de\/wp-json\/wp\/v2\/types\/arts_portfolio_item"}],"version-history":[{"count":104,"href":"https:\/\/les-bassans.com\/de\/wp-json\/wp\/v2\/arts_portfolio_item\/26934\/revisions"}],"predecessor-version":[{"id":29768,"href":"https:\/\/les-bassans.com\/de\/wp-json\/wp\/v2\/arts_portfolio_item\/26934\/revisions\/29768"}],"wp:attachment":[{"href":"https:\/\/les-bassans.com\/de\/wp-json\/wp\/v2\/media?parent=26934"}],"curies":[{"name":"wp","href":"https:\/\/api.w.org\/{rel}","templated":true}]}}

<!-- This site is optimized with the Yoast SEO plugin v27.5 - https://yoast.com/product/yoast-seo-wordpress/ -->
<title>Deluxe Balcon &#8226; Les Bassans</title>
<meta name="robots" content="index, follow, max-snippet:-1, max-image-preview:large, max-video-preview:-1" />
<link rel="canonical" href="https://les-bassans.com/de/portfolio/deluxe-balkon-meerblick/" />
<meta property="og:locale" content="de_DE" />
<meta property="og:type" content="article" />
<meta property="og:title" content="Deluxe Balcon &#8226; Les Bassans" />
<meta property="og:description" content="Chambre Deluxe Balcon Entre 18m2 et 22m2 Vue mer avec balcon ou terrasse 2 adultes &amp; 1 bébé Nos Chambres Deluxe avec Balcon s’ouvrent sur un tableau de dégradés de turquoise, de bleu profond et de vert céladon. Sur vos chiliennes, vous vous sentez comme sur le ponton d’un bateau, avec en arrière-fond le bruit [&hellip;]" />
<meta property="og:url" content="https://les-bassans.com/de/portfolio/deluxe-balkon-meerblick/" />
<meta property="og:site_name" content="Les Bassans" />
<meta property="article:modified_time" content="2026-01-15T10:43:27+00:00" />
<meta property="og:image" content="https://les-bassans.com/wp-content/uploads/2025/06/chambre-vue-mer-lit-confort-hotel-les-bassans-fontenille-bretagne-perros-guirec-1024x1024.jpg" />
<meta name="twitter:card" content="summary_large_image" />
<meta name="twitter:label1" content="Geschätzte Lesezeit" />
	<meta name="twitter:data1" content="7 Minuten" />
<script type="application/ld+json" class="yoast-schema-graph">{"@context":"https:\/\/schema.org","@graph":[{"@type":"WebPage","@id":"https:\/\/les-bassans.com\/portfolio\/deluxe-balcon-vue-mer\/","url":"https:\/\/les-bassans.com\/portfolio\/deluxe-balcon-vue-mer\/","name":"Deluxe Balcon &#8226; Les Bassans","isPartOf":{"@id":"https:\/\/les-bassans.com\/#website"},"primaryImageOfPage":{"@id":"https:\/\/les-bassans.com\/portfolio\/deluxe-balcon-vue-mer\/#primaryimage"},"image":{"@id":"https:\/\/les-bassans.com\/portfolio\/deluxe-balcon-vue-mer\/#primaryimage"},"thumbnailUrl":"https:\/\/les-bassans.com\/wp-content\/uploads\/2025\/06\/chambre-vue-mer-lit-confort-hotel-les-bassans-fontenille-bretagne-perros-guirec-1024x1024.jpg","datePublished":"2025-04-01T09:03:58+00:00","dateModified":"2026-01-15T10:43:27+00:00","breadcrumb":{"@id":"https:\/\/les-bassans.com\/portfolio\/deluxe-balcon-vue-mer\/#breadcrumb"},"inLanguage":"de","potentialAction":[{"@type":"ReadAction","target":["https:\/\/les-bassans.com\/portfolio\/deluxe-balcon-vue-mer\/"]}]},{"@type":"ImageObject","inLanguage":"de","@id":"https:\/\/les-bassans.com\/portfolio\/deluxe-balcon-vue-mer\/#primaryimage","url":"https:\/\/les-bassans.com\/wp-content\/uploads\/2025\/06\/chambre-vue-mer-lit-confort-hotel-les-bassans-fontenille-bretagne-perros-guirec-1024x1024.jpg","contentUrl":"https:\/\/les-bassans.com\/wp-content\/uploads\/2025\/06\/chambre-vue-mer-lit-confort-hotel-les-bassans-fontenille-bretagne-perros-guirec-1024x1024.jpg"},{"@type":"BreadcrumbList","@id":"https:\/\/les-bassans.com\/portfolio\/deluxe-balcon-vue-mer\/#breadcrumb","itemListElement":[{"@type":"ListItem","position":1,"name":"Accueil","item":"https:\/\/les-bassans.com\/"},{"@type":"ListItem","position":2,"name":"Deluxe Balcon"}]},{"@type":"WebSite","@id":"https:\/\/les-bassans.com\/#website","url":"https:\/\/les-bassans.com\/","name":"Les Bassans","description":"Hôtel Spa à Perros-Guirec et Restaurant vue mer","publisher":{"@id":"https:\/\/les-bassans.com\/#organization"},"potentialAction":[{"@type":"SearchAction","target":{"@type":"EntryPoint","urlTemplate":"https:\/\/les-bassans.com\/?s={search_term_string}"},"query-input":{"@type":"PropertyValueSpecification","valueRequired":true,"valueName":"search_term_string"}}],"inLanguage":"de"},{"@type":"Organization","@id":"https:\/\/les-bassans.com\/#organization","name":"Les Bassans","alternateName":"Bassans","url":"https:\/\/les-bassans.com\/","logo":{"@type":"ImageObject","inLanguage":"de","@id":"https:\/\/les-bassans.com\/#\/schema\/logo\/image\/","url":"https:\/\/les-bassans.com\/wp-content\/uploads\/2023\/05\/LesBassans-Logo-Simple.png","contentUrl":"https:\/\/les-bassans.com\/wp-content\/uploads\/2023\/05\/LesBassans-Logo-Simple.png","width":850,"height":253,"caption":"Les Bassans"},"image":{"@id":"https:\/\/les-bassans.com\/#\/schema\/logo\/image\/"}}]}</script>
<!-- / Yoast SEO plugin. -->

Chambre Deluxe Balcon Entre 18m2 et 22m2 Vue mer avec balcon ou terrasse 2 adultes &amp; 1 bébé Nos Chambres Deluxe avec Balcon s’ouvrent sur un tableau de dégradés de turquoise, de bleu profond et de vert céladon. Sur vos chiliennes, vous vous sentez comme sur le ponton d’un bateau, avec en arrière-fond le bruit [&hellip;]
