{"id":24840,"date":"2025-01-14T15:12:23","date_gmt":"2025-01-14T15:12:23","guid":{"rendered":"https:\/\/les-bassans.com\/?post_type=arts_portfolio_item&#038;p=24840"},"modified":"2026-01-15T10:46:49","modified_gmt":"2026-01-15T10:46:49","slug":"juniorsuite-mit-meerblick","status":"publish","type":"arts_portfolio_item","link":"https:\/\/les-bassans.com\/de\/portfolio\/juniorsuite-mit-meerblick\/","title":{"rendered":"Junior Suite"},"featured_media":0,"template":"","class_list":["post-24840","arts_portfolio_item","type-arts_portfolio_item","status-publish","hentry"],"acf":[],"yoast_head":"<!-- This site is optimized with the Yoast SEO plugin v27.5 - https:\/\/yoast.com\/product\/yoast-seo-wordpress\/ -->\n<title>Junior Suite &#8226; Les Bassans<\/title>\n<meta name=\"robots\" content=\"index, follow, max-snippet:-1, max-image-preview:large, max-video-preview:-1\" \/>\n<link rel=\"canonical\" href=\"https:\/\/les-bassans.com\/de\/portfolio\/juniorsuite-mit-meerblick\/\" \/>\n<meta property=\"og:locale\" content=\"de_DE\" \/>\n<meta property=\"og:type\" content=\"article\" \/>\n<meta property=\"og:title\" content=\"Junior Suite &#8226; Les Bassans\" \/>\n<meta property=\"og:description\" content=\"Junior Suite 36m2 Vue mer 2 adultes, 1 enfant D\u2019une superficie g\u00e9n\u00e9reuse, notre unique Junior Suite, dot\u00e9e d\u2019immenses baies face \u00e0 l\u2019Archipel des 7 \u00celes, vous offre un panorama grandiose et changeant au gr\u00e9 des courants marins et des embruns. Cet \u00e9crin confidentiel, avec son coin salon ouvert sur la chambre, vous invite \u00e0 un [&hellip;]\" \/>\n<meta property=\"og:url\" content=\"https:\/\/les-bassans.com\/de\/portfolio\/juniorsuite-mit-meerblick\/\" \/>\n<meta property=\"og:site_name\" content=\"Les Bassans\" \/>\n<meta property=\"article:modified_time\" content=\"2026-01-15T10:46:49+00:00\" \/>\n<meta property=\"og:image\" content=\"https:\/\/les-bassans.com\/wp-content\/uploads\/2025\/07\/39591d08-cfea-490d-b232-424e4c507709-1-1-1024x1024.jpg\" \/>\n<meta name=\"twitter:card\" content=\"summary_large_image\" \/>\n<meta name=\"twitter:label1\" content=\"Gesch\u00e4tzte Lesezeit\" \/>\n\t<meta name=\"twitter:data1\" content=\"7\u00a0Minuten\" \/>\n<script type=\"application\/ld+json\" class=\"yoast-schema-graph\">{\"@context\":\"https:\\\/\\\/schema.org\",\"@graph\":[{\"@type\":\"WebPage\",\"@id\":\"https:\\\/\\\/les-bassans.com\\\/portfolio\\\/junior-suite-vue-mer\\\/\",\"url\":\"https:\\\/\\\/les-bassans.com\\\/portfolio\\\/junior-suite-vue-mer\\\/\",\"name\":\"Junior Suite &#8226; Les Bassans\",\"isPartOf\":{\"@id\":\"https:\\\/\\\/les-bassans.com\\\/#website\"},\"primaryImageOfPage\":{\"@id\":\"https:\\\/\\\/les-bassans.com\\\/portfolio\\\/junior-suite-vue-mer\\\/#primaryimage\"},\"image\":{\"@id\":\"https:\\\/\\\/les-bassans.com\\\/portfolio\\\/junior-suite-vue-mer\\\/#primaryimage\"},\"thumbnailUrl\":\"https:\\\/\\\/les-bassans.com\\\/wp-content\\\/uploads\\\/2025\\\/07\\\/39591d08-cfea-490d-b232-424e4c507709-1-1-1024x1024.jpg\",\"datePublished\":\"2025-01-14T15:12:23+00:00\",\"dateModified\":\"2026-01-15T10:46:49+00:00\",\"breadcrumb\":{\"@id\":\"https:\\\/\\\/les-bassans.com\\\/portfolio\\\/junior-suite-vue-mer\\\/#breadcrumb\"},\"inLanguage\":\"de\",\"potentialAction\":[{\"@type\":\"ReadAction\",\"target\":[\"https:\\\/\\\/les-bassans.com\\\/portfolio\\\/junior-suite-vue-mer\\\/\"]}]},{\"@type\":\"ImageObject\",\"inLanguage\":\"de\",\"@id\":\"https:\\\/\\\/les-bassans.com\\\/portfolio\\\/junior-suite-vue-mer\\\/#primaryimage\",\"url\":\"https:\\\/\\\/les-bassans.com\\\/wp-content\\\/uploads\\\/2025\\\/07\\\/39591d08-cfea-490d-b232-424e4c507709-1-1-1024x1024.jpg\",\"contentUrl\":\"https:\\\/\\\/les-bassans.com\\\/wp-content\\\/uploads\\\/2025\\\/07\\\/39591d08-cfea-490d-b232-424e4c507709-1-1-1024x1024.jpg\"},{\"@type\":\"BreadcrumbList\",\"@id\":\"https:\\\/\\\/les-bassans.com\\\/portfolio\\\/junior-suite-vue-mer\\\/#breadcrumb\",\"itemListElement\":[{\"@type\":\"ListItem\",\"position\":1,\"name\":\"Accueil\",\"item\":\"https:\\\/\\\/les-bassans.com\\\/\"},{\"@type\":\"ListItem\",\"position\":2,\"name\":\"Junior Suite\"}]},{\"@type\":\"WebSite\",\"@id\":\"https:\\\/\\\/les-bassans.com\\\/#website\",\"url\":\"https:\\\/\\\/les-bassans.com\\\/\",\"name\":\"Les Bassans\",\"description\":\"H\u00f4tel Spa \u00e0 Perros-Guirec et Restaurant vue mer\",\"publisher\":{\"@id\":\"https:\\\/\\\/les-bassans.com\\\/#organization\"},\"potentialAction\":[{\"@type\":\"SearchAction\",\"target\":{\"@type\":\"EntryPoint\",\"urlTemplate\":\"https:\\\/\\\/les-bassans.com\\\/?s={search_term_string}\"},\"query-input\":{\"@type\":\"PropertyValueSpecification\",\"valueRequired\":true,\"valueName\":\"search_term_string\"}}],\"inLanguage\":\"de\"},{\"@type\":\"Organization\",\"@id\":\"https:\\\/\\\/les-bassans.com\\\/#organization\",\"name\":\"Les Bassans\",\"alternateName\":\"Bassans\",\"url\":\"https:\\\/\\\/les-bassans.com\\\/\",\"logo\":{\"@type\":\"ImageObject\",\"inLanguage\":\"de\",\"@id\":\"https:\\\/\\\/les-bassans.com\\\/#\\\/schema\\\/logo\\\/image\\\/\",\"url\":\"https:\\\/\\\/les-bassans.com\\\/wp-content\\\/uploads\\\/2023\\\/05\\\/LesBassans-Logo-Simple.png\",\"contentUrl\":\"https:\\\/\\\/les-bassans.com\\\/wp-content\\\/uploads\\\/2023\\\/05\\\/LesBassans-Logo-Simple.png\",\"width\":850,\"height\":253,\"caption\":\"Les Bassans\"},\"image\":{\"@id\":\"https:\\\/\\\/les-bassans.com\\\/#\\\/schema\\\/logo\\\/image\\\/\"}}]}<\/script>\n<!-- \/ Yoast SEO plugin. -->","yoast_head_json":{"title":"Junior Suite - Les Bassans","robots":{"index":"index","follow":"follow","max-snippet":"max-snippet:-1","max-image-preview":"max-image-preview:large","max-video-preview":"max-video-preview:-1"},"canonical":"https:\/\/les-bassans.com\/de\/portfolio\/juniorsuite-mit-meerblick\/","og_locale":"de_DE","og_type":"article","og_title":"Junior Suite &#8226; Les Bassans","og_description":"Junior Suite 36m2 Vue mer 2 adultes, 1 enfant D\u2019une superficie g\u00e9n\u00e9reuse, notre unique Junior Suite, dot\u00e9e d\u2019immenses baies face \u00e0 l\u2019Archipel des 7 \u00celes, vous offre un panorama grandiose et changeant au gr\u00e9 des courants marins et des embruns. Cet \u00e9crin confidentiel, avec son coin salon ouvert sur la chambre, vous invite \u00e0 un [&hellip;]","og_url":"https:\/\/les-bassans.com\/de\/portfolio\/juniorsuite-mit-meerblick\/","og_site_name":"Les Bassans","article_modified_time":"2026-01-15T10:46:49+00:00","og_image":[{"url":"https:\/\/les-bassans.com\/wp-content\/uploads\/2025\/07\/39591d08-cfea-490d-b232-424e4c507709-1-1-1024x1024.jpg","type":"","width":"","height":""}],"twitter_card":"summary_large_image","twitter_misc":{"Gesch\u00e4tzte Lesezeit":"7\u00a0Minuten"},"schema":{"@context":"https:\/\/schema.org","@graph":[{"@type":"WebPage","@id":"https:\/\/les-bassans.com\/portfolio\/junior-suite-vue-mer\/","url":"https:\/\/les-bassans.com\/portfolio\/junior-suite-vue-mer\/","name":"Junior Suite - Les Bassans","isPartOf":{"@id":"https:\/\/les-bassans.com\/#website"},"primaryImageOfPage":{"@id":"https:\/\/les-bassans.com\/portfolio\/junior-suite-vue-mer\/#primaryimage"},"image":{"@id":"https:\/\/les-bassans.com\/portfolio\/junior-suite-vue-mer\/#primaryimage"},"thumbnailUrl":"https:\/\/les-bassans.com\/wp-content\/uploads\/2025\/07\/39591d08-cfea-490d-b232-424e4c507709-1-1-1024x1024.jpg","datePublished":"2025-01-14T15:12:23+00:00","dateModified":"2026-01-15T10:46:49+00:00","breadcrumb":{"@id":"https:\/\/les-bassans.com\/portfolio\/junior-suite-vue-mer\/#breadcrumb"},"inLanguage":"de","potentialAction":[{"@type":"ReadAction","target":["https:\/\/les-bassans.com\/portfolio\/junior-suite-vue-mer\/"]}]},{"@type":"ImageObject","inLanguage":"de","@id":"https:\/\/les-bassans.com\/portfolio\/junior-suite-vue-mer\/#primaryimage","url":"https:\/\/les-bassans.com\/wp-content\/uploads\/2025\/07\/39591d08-cfea-490d-b232-424e4c507709-1-1-1024x1024.jpg","contentUrl":"https:\/\/les-bassans.com\/wp-content\/uploads\/2025\/07\/39591d08-cfea-490d-b232-424e4c507709-1-1-1024x1024.jpg"},{"@type":"BreadcrumbList","@id":"https:\/\/les-bassans.com\/portfolio\/junior-suite-vue-mer\/#breadcrumb","itemListElement":[{"@type":"ListItem","position":1,"name":"Accueil","item":"https:\/\/les-bassans.com\/"},{"@type":"ListItem","position":2,"name":"Junior Suite"}]},{"@type":"WebSite","@id":"https:\/\/les-bassans.com\/#website","url":"https:\/\/les-bassans.com\/","name":"Die Bassans","description":"Spa-Hotel in Perros-Guirec und Restaurant mit Meerblick","publisher":{"@id":"https:\/\/les-bassans.com\/#organization"},"potentialAction":[{"@type":"SearchAction","target":{"@type":"EntryPoint","urlTemplate":"https:\/\/les-bassans.com\/?s={search_term_string}"},"query-input":{"@type":"PropertyValueSpecification","valueRequired":true,"valueName":"search_term_string"}}],"inLanguage":"de"},{"@type":"Organization","@id":"https:\/\/les-bassans.com\/#organization","name":"Die Bassans","alternateName":"Bassans","url":"https:\/\/les-bassans.com\/","logo":{"@type":"ImageObject","inLanguage":"de","@id":"https:\/\/les-bassans.com\/#\/schema\/logo\/image\/","url":"https:\/\/les-bassans.com\/wp-content\/uploads\/2023\/05\/LesBassans-Logo-Simple.png","contentUrl":"https:\/\/les-bassans.com\/wp-content\/uploads\/2023\/05\/LesBassans-Logo-Simple.png","width":850,"height":253,"caption":"Les Bassans"},"image":{"@id":"https:\/\/les-bassans.com\/#\/schema\/logo\/image\/"}}]}},"_links":{"self":[{"href":"https:\/\/les-bassans.com\/de\/wp-json\/wp\/v2\/arts_portfolio_item\/24840","targetHints":{"allow":["GET"]}}],"collection":[{"href":"https:\/\/les-bassans.com\/de\/wp-json\/wp\/v2\/arts_portfolio_item"}],"about":[{"href":"https:\/\/les-bassans.com\/de\/wp-json\/wp\/v2\/types\/arts_portfolio_item"}],"version-history":[{"count":398,"href":"https:\/\/les-bassans.com\/de\/wp-json\/wp\/v2\/arts_portfolio_item\/24840\/revisions"}],"predecessor-version":[{"id":29777,"href":"https:\/\/les-bassans.com\/de\/wp-json\/wp\/v2\/arts_portfolio_item\/24840\/revisions\/29777"}],"wp:attachment":[{"href":"https:\/\/les-bassans.com\/de\/wp-json\/wp\/v2\/media?parent=24840"}],"curies":[{"name":"wp","href":"https:\/\/api.w.org\/{rel}","templated":true}]}}

<!-- This site is optimized with the Yoast SEO plugin v27.5 - https://yoast.com/product/yoast-seo-wordpress/ -->
<title>Junior Suite &#8226; Les Bassans</title>
<meta name="robots" content="index, follow, max-snippet:-1, max-image-preview:large, max-video-preview:-1" />
<link rel="canonical" href="https://les-bassans.com/de/portfolio/juniorsuite-mit-meerblick/" />
<meta property="og:locale" content="de_DE" />
<meta property="og:type" content="article" />
<meta property="og:title" content="Junior Suite &#8226; Les Bassans" />
<meta property="og:description" content="Junior Suite 36m2 Vue mer 2 adultes, 1 enfant D’une superficie généreuse, notre unique Junior Suite, dotée d’immenses baies face à l’Archipel des 7 Îles, vous offre un panorama grandiose et changeant au gré des courants marins et des embruns. Cet écrin confidentiel, avec son coin salon ouvert sur la chambre, vous invite à un [&hellip;]" />
<meta property="og:url" content="https://les-bassans.com/de/portfolio/juniorsuite-mit-meerblick/" />
<meta property="og:site_name" content="Les Bassans" />
<meta property="article:modified_time" content="2026-01-15T10:46:49+00:00" />
<meta property="og:image" content="https://les-bassans.com/wp-content/uploads/2025/07/39591d08-cfea-490d-b232-424e4c507709-1-1-1024x1024.jpg" />
<meta name="twitter:card" content="summary_large_image" />
<meta name="twitter:label1" content="Geschätzte Lesezeit" />
	<meta name="twitter:data1" content="7 Minuten" />
<script type="application/ld+json" class="yoast-schema-graph">{"@context":"https:\/\/schema.org","@graph":[{"@type":"WebPage","@id":"https:\/\/les-bassans.com\/portfolio\/junior-suite-vue-mer\/","url":"https:\/\/les-bassans.com\/portfolio\/junior-suite-vue-mer\/","name":"Junior Suite &#8226; Les Bassans","isPartOf":{"@id":"https:\/\/les-bassans.com\/#website"},"primaryImageOfPage":{"@id":"https:\/\/les-bassans.com\/portfolio\/junior-suite-vue-mer\/#primaryimage"},"image":{"@id":"https:\/\/les-bassans.com\/portfolio\/junior-suite-vue-mer\/#primaryimage"},"thumbnailUrl":"https:\/\/les-bassans.com\/wp-content\/uploads\/2025\/07\/39591d08-cfea-490d-b232-424e4c507709-1-1-1024x1024.jpg","datePublished":"2025-01-14T15:12:23+00:00","dateModified":"2026-01-15T10:46:49+00:00","breadcrumb":{"@id":"https:\/\/les-bassans.com\/portfolio\/junior-suite-vue-mer\/#breadcrumb"},"inLanguage":"de","potentialAction":[{"@type":"ReadAction","target":["https:\/\/les-bassans.com\/portfolio\/junior-suite-vue-mer\/"]}]},{"@type":"ImageObject","inLanguage":"de","@id":"https:\/\/les-bassans.com\/portfolio\/junior-suite-vue-mer\/#primaryimage","url":"https:\/\/les-bassans.com\/wp-content\/uploads\/2025\/07\/39591d08-cfea-490d-b232-424e4c507709-1-1-1024x1024.jpg","contentUrl":"https:\/\/les-bassans.com\/wp-content\/uploads\/2025\/07\/39591d08-cfea-490d-b232-424e4c507709-1-1-1024x1024.jpg"},{"@type":"BreadcrumbList","@id":"https:\/\/les-bassans.com\/portfolio\/junior-suite-vue-mer\/#breadcrumb","itemListElement":[{"@type":"ListItem","position":1,"name":"Accueil","item":"https:\/\/les-bassans.com\/"},{"@type":"ListItem","position":2,"name":"Junior Suite"}]},{"@type":"WebSite","@id":"https:\/\/les-bassans.com\/#website","url":"https:\/\/les-bassans.com\/","name":"Les Bassans","description":"Hôtel Spa à Perros-Guirec et Restaurant vue mer","publisher":{"@id":"https:\/\/les-bassans.com\/#organization"},"potentialAction":[{"@type":"SearchAction","target":{"@type":"EntryPoint","urlTemplate":"https:\/\/les-bassans.com\/?s={search_term_string}"},"query-input":{"@type":"PropertyValueSpecification","valueRequired":true,"valueName":"search_term_string"}}],"inLanguage":"de"},{"@type":"Organization","@id":"https:\/\/les-bassans.com\/#organization","name":"Les Bassans","alternateName":"Bassans","url":"https:\/\/les-bassans.com\/","logo":{"@type":"ImageObject","inLanguage":"de","@id":"https:\/\/les-bassans.com\/#\/schema\/logo\/image\/","url":"https:\/\/les-bassans.com\/wp-content\/uploads\/2023\/05\/LesBassans-Logo-Simple.png","contentUrl":"https:\/\/les-bassans.com\/wp-content\/uploads\/2023\/05\/LesBassans-Logo-Simple.png","width":850,"height":253,"caption":"Les Bassans"},"image":{"@id":"https:\/\/les-bassans.com\/#\/schema\/logo\/image\/"}}]}</script>
<!-- / Yoast SEO plugin. -->

Junior Suite 36m2 Vue mer 2 adultes, 1 enfant D’une superficie généreuse, notre unique Junior Suite, dotée d’immenses baies face à l’Archipel des 7 Îles, vous offre un panorama grandiose et changeant au gré des courants marins et des embruns. Cet écrin confidentiel, avec son coin salon ouvert sur la chambre, vous invite à un [&hellip;]
